{"id":941,"date":"2020-10-09T21:11:42","date_gmt":"2020-10-09T18:11:42","guid":{"rendered":"https:\/\/www.celebimutfak.com\/?post_type=product&#038;p=941"},"modified":"2022-04-09T03:04:17","modified_gmt":"2022-04-09T00:04:17","slug":"krom-celik-bariyer-paslanmaz","status":"publish","type":"product","link":"https:\/\/www.celebimutfak.com\/index.php\/urun\/krom-celik-bariyer-paslanmaz\/","title":{"rendered":"Paslanmaz \u00c7elik Bariyer"},"content":{"rendered":"<h3>\u00dcr\u00fcn Hakk\u0131nda<\/h3>\n<p>Genellikle hijyenik ama\u00e7l\u0131 olarak yemekhane gibi yerlerde kullan\u0131lmaktad\u0131r. Ancak iste\u011fe g\u00f6re \u00f6zel \u00f6l\u00e7\u00fclerde \u00fcretim yap\u0131larak farkl\u0131 ama\u00e7larla kullan\u0131labilir. Kulland\u0131\u011f\u0131m\u0131z malzeme 304 kalite paslanmaz \u00e7eliktir.<\/p>\n<h3>\u00c7elebi End\u00fcstriyel Mutfak<\/h3>\n<p>Firmam\u0131z 2000 y\u0131l\u0131nda Bursa&#8217;da imalata ba\u015flam\u0131\u015ft\u0131r. 20 y\u0131l\u0131 a\u015fk\u0131n s\u00fcredir 304 kalite paslanmaz \u00e7elik <strong>Mutfak Ekipmanlar\u0131<\/strong> \u00fcretimi yapmaktad\u0131r. \u00d6zel imalat \u00fcr\u00fcnler, proje bazl\u0131 \u00fcretim hizmetleri vermekteyiz. Detayl\u0131 bilgi almak i\u00e7in bizimle <a href=\"https:\/\/www.celebimutfak.com\/index.php\/iletisim\/\" target=\"_blank\" rel=\"noopener\">ileti\u015fime<\/a> ge\u00e7ebilirsiniz.<\/p>\n","protected":false},"excerpt":{"rendered":"<ul>\n<li>Adet fiyat\u0131d\u0131r.<\/li>\n<li>304 kalite paslanmaz \u00e7elikten imal edilmi\u015ftir.<\/li>\n<li>\u00d6zel \u00f6l\u00e7\u00fclerde \u00fcretim yap\u0131l\u0131r<\/li>\n<li>Farkl\u0131 ama\u00e7lar i\u00e7in farkl\u0131 \u015fekillerde \u00fcretim yap\u0131l\u0131r<\/li>\n<li>Fiyat bilgisi i\u00e7in <a href=\"https:\/\/www.celebimutfak.com\/index.php\/iletisim\/\" target=\"_blank\" rel=\"noopener\">\u0130leti\u015fim&#8217;e<\/a> ge\u00e7ebilirsiniz.<\/li>\n<\/ul>\n","protected":false},"featured_media":947,"comment_status":"open","ping_status":"closed","template":"","meta":{"site-sidebar-layout":"default","site-content-layout":"default","ast-site-content-layout":"","site-content-style":"default","site-sidebar-style":"default","ast-global-header-display":"","ast-banner-title-visibility":"","ast-main-header-display":"","ast-hfb-above-header-display":"","ast-hfb-below-header-display":"","ast-hfb-mobile-header-display":"","site-post-title":"","ast-breadcrumbs-content":"","ast-featured-img":"","footer-sml-layout":"","theme-transparent-header-meta":"default","adv-header-id-meta":"","stick-header-meta":"","header-above-stick-meta":"","header-main-stick-meta":"","header-below-stick-meta":"","astra-migrate-meta-layouts":"default","ast-page-background-enabled":"default","ast-page-background-meta":{"desktop":{"background-color":"var(--ast-global-color-4)","background-image":"","background-repeat":"repeat","background-position":"center center","background-size":"auto","background-attachment":"scroll","background-type":"","background-media":"","overlay-type":"","overlay-color":"","overlay-opacity":"","overlay-gradient":""},"tablet":{"background-color":"","background-image":"","background-repeat":"repeat","background-position":"center center","background-size":"auto","background-attachment":"scroll","background-type":"","background-media":"","overlay-type":"","overlay-color":"","overlay-opacity":"","overlay-gradient":""},"mobile":{"background-color":"","background-image":"","background-repeat":"repeat","background-position":"center center","background-size":"auto","background-attachment":"scroll","background-type":"","background-media":"","overlay-type":"","overlay-color":"","overlay-opacity":"","overlay-gradient":""}},"ast-content-background-meta":{"desktop":{"background-color":"var(--ast-global-color-5)","background-image":"","background-repeat":"repeat","background-position":"center center","background-size":"auto","background-attachment":"scroll","background-type":"","background-media":"","overlay-type":"","overlay-color":"","overlay-opacity":"","overlay-gradient":""},"tablet":{"background-color":"var(--ast-global-color-5)","background-image":"","background-repeat":"repeat","background-position":"center center","background-size":"auto","background-attachment":"scroll","background-type":"","background-media":"","overlay-type":"","overlay-color":"","overlay-opacity":"","overlay-gradient":""},"mobile":{"background-color":"var(--ast-global-color-5)","background-image":"","background-repeat":"repeat","background-position":"center center","background-size":"auto","background-attachment":"scroll","background-type":"","background-media":"","overlay-type":"","overlay-color":"","overlay-opacity":"","overlay-gradient":""}}},"product_cat":[186],"product_tag":[],"_links":{"self":[{"href":"https:\/\/www.celebimutfak.com\/index.php\/wp-json\/wp\/v2\/product\/941"}],"collection":[{"href":"https:\/\/www.celebimutfak.com\/index.php\/wp-json\/wp\/v2\/product"}],"about":[{"href":"https:\/\/www.celebimutfak.com\/index.php\/wp-json\/wp\/v2\/types\/product"}],"replies":[{"embeddable":true,"href":"https:\/\/www.celebimutfak.com\/index.php\/wp-json\/wp\/v2\/comments?post=941"}],"wp:featuredmedia":[{"embeddable":true,"href":"https:\/\/www.celebimutfak.com\/index.php\/wp-json\/wp\/v2\/media\/947"}],"wp:attachment":[{"href":"https:\/\/www.celebimutfak.com\/index.php\/wp-json\/wp\/v2\/media?parent=941"}],"wp:term":[{"taxonomy":"product_cat","embeddable":true,"href":"https:\/\/www.celebimutfak.com\/index.php\/wp-json\/wp\/v2\/product_cat?post=941"},{"taxonomy":"product_tag","embeddable":true,"href":"https:\/\/www.celebimutfak.com\/index.php\/wp-json\/wp\/v2\/product_tag?post=941"}],"curies":[{"name":"wp","href":"https:\/\/api.w.org\/{rel}","templated":true}]}}