{"id":527,"date":"2018-12-17T12:59:29","date_gmt":"2018-12-17T09:59:29","guid":{"rendered":"http:\/\/www.celebimutfak.com\/?post_type=product&#038;p=527"},"modified":"2026-04-05T10:02:57","modified_gmt":"2026-04-05T07:02:57","slug":"paslanmaz-komurlu-izgara-mangal","status":"publish","type":"product","link":"https:\/\/www.celebimutfak.com\/index.php\/urun\/paslanmaz-komurlu-izgara-mangal\/","title":{"rendered":"Asans\u00f6rl\u00fc Set \u00dcst\u00fc K\u00f6m\u00fcrl\u00fc Mangal"},"content":{"rendered":"<h2>Asans\u00f6rl\u00fc Krom Mangal<\/h2>\n<p>304 kalite paslanmaz \u00e7elik asans\u00f6rl\u00fc mangal modeli. Asans\u00f6r 2 katl\u0131d\u0131r, k\u00f6m\u00fcr\u00fc kar\u0131\u015ft\u0131rmak i\u00e7in \u0131zgaray\u0131 \u00fcste koyabilirsiniz. Harlanma durumlar\u0131nda \u00fcstteki aparata \u0131zgaray\u0131 koyabilirsiniz.<\/p>\n<p>Mangal d\u0131\u015f y\u00fczeyi komple <strong>304 paslanmaz \u00e7eliktir (krom)<\/strong>. \u0130\u00e7erisinde 1.5 mm kal\u0131nl\u0131\u011f\u0131nda et kal\u0131nl\u0131\u011f\u0131nda k\u00f6m\u00fcr havuzu vard\u0131r. K\u00f6m\u00fcr havuzu portatif olup istendi\u011fi zaman \u00e7\u0131kar\u0131labilmektedir. K\u00f6m\u00fcr havuzunda hava delikleri mevcuttur. Bu hava delikleri sayesinde k\u00f6m\u00fcr\u00fcn yanmas\u0131 kolayla\u015f\u0131r.<\/p>\n<p>\u00dcst \u0131zgara standart olarak \u00e7ubukludur. \u00c7ubuk \u00e7ap\u0131 mangala g\u00f6re 6 veya 8 mm olmaktad\u0131r. \u00c7ubuklar kendi ekseninde rahatl\u0131kla d\u00f6nebilir, bu sayede et yap\u0131\u015fma durumu en aza inmektedir. Oluklu \u0131zgara istenirse sipari\u015ften sonra taraf\u0131m\u0131za bildirilmelidir.<\/p>\n<h3>\u00d6zel \u00dcretim Krom Mangal<\/h3>\n<p>Firmam\u0131z farkl\u0131 model ve \u015fekillerde krom mangal \u00fcretimi yapmaktad\u0131r. \u0130stedi\u011finiz \u00f6l\u00e7\u00fclerde mangal fiyat\u0131 almak i\u00e7in bizimle ileti\u015fime ge\u00e7ebilirsiniz. Bu krom mangal modelinde g\u00f6rd\u00fc\u011f\u00fcn\u00fcz tasar\u0131m 2020 y\u0131l\u0131ndan beri firmam\u0131z taraf\u0131ndan \u00fcretilmektedir. K\u00f6m\u00fcrl\u00fc mangallarda ate\u015f harlamas\u0131 durumlar\u0131 meydana gelebilmektedir. Bu durumlarda ate\u015fe m\u00fcdahale edebilmek ve etleri ate\u015ften korumak i\u00e7in \u0131zgara ask\u0131s\u0131 gerekmektedir. Krom mangal modelindeki ask\u0131 sayesinde \u0131zgaray\u0131 daha \u00fcst konuma alabilirsiniz. Bu s\u0131rada ate\u015fe m\u00fcdahale edip kontrol alt\u0131na alabilirsiniz.<\/p>\n<p><strong>Krom mangal<\/strong> modellerinde k\u00f6m\u00fcr haznesi iki \u00e7e\u015fit olmaktad\u0131r. Bu \u00e7e\u015fitler delikli k\u00f6m\u00fcr haznesi (sacdan imal) veya ate\u015f tu\u011flal\u0131 k\u00f6m\u00fcr haznesidir. Delikli k\u00f6m\u00fcr haznesi, portatif olup istedi\u011finiz zaman \u00e7\u0131karabilirsiniz. \u0130\u00e7erisinde bulunan hava delikleri sayesinde k\u00f6m\u00fcrleriniz daha iyi yanacakt\u0131r. Ate\u015f tu\u011flal\u0131 k\u00f6m\u00fcr haznesi ise bu avantajlar\u0131 sa\u011flayamaz. M\u00fc\u015fterilerimize \u00f6nerimiz delikli sacdan k\u00f6m\u00fcr haznesi olmaktad\u0131r ancak m\u00fc\u015fteri iste\u011fine g\u00f6re ate\u015f tu\u011flal\u0131 olarak da \u00fcretim yapmaktay\u0131z.<\/p>\n","protected":false},"excerpt":{"rendered":"<ul>\n<li>\u0130stenilen \u00f6l\u00e7\u00fclerde \u00fcretim yapmaktay\u0131z.<\/li>\n<li>304 kalite paslanmaz g\u00f6vdeye sahiptir.<\/li>\n<li>K\u00f6m\u00fcrl\u00fc \u0131zgarad\u0131r.<\/li>\n<li>\u0130\u00e7erisinde k\u00f6m\u00fcr haznesi bulunmaktad\u0131r.<\/li>\n<\/ul>\n","protected":false},"featured_media":1888,"comment_status":"open","ping_status":"closed","template":"","meta":{"site-sidebar-layout":"default","site-content-layout":"default","ast-site-content-layout":"","site-content-style":"default","site-sidebar-style":"default","ast-global-header-display":"","ast-banner-title-visibility":"","ast-main-header-display":"","ast-hfb-above-header-display":"","ast-hfb-below-header-display":"","ast-hfb-mobile-header-display":"","site-post-title":"","ast-breadcrumbs-content":"","ast-featured-img":"","footer-sml-layout":"","theme-transparent-header-meta":"default","adv-header-id-meta":"","stick-header-meta":"","header-above-stick-meta":"","header-main-stick-meta":"","header-below-stick-meta":"","astra-migrate-meta-layouts":"default","ast-page-background-enabled":"default","ast-page-background-meta":{"desktop":{"background-color":"var(--ast-global-color-4)","background-image":"","background-repeat":"repeat","background-position":"center center","background-size":"auto","background-attachment":"scroll","background-type":"","background-media":"","overlay-type":"","overlay-color":"","overlay-opacity":"","overlay-gradient":""},"tablet":{"background-color":"","background-image":"","background-repeat":"repeat","background-position":"center center","background-size":"auto","background-attachment":"scroll","background-type":"","background-media":"","overlay-type":"","overlay-color":"","overlay-opacity":"","overlay-gradient":""},"mobile":{"background-color":"","background-image":"","background-repeat":"repeat","background-position":"center center","background-size":"auto","background-attachment":"scroll","background-type":"","background-media":"","overlay-type":"","overlay-color":"","overlay-opacity":"","overlay-gradient":""}},"ast-content-background-meta":{"desktop":{"background-color":"var(--ast-global-color-5)","background-image":"","background-repeat":"repeat","background-position":"center center","background-size":"auto","background-attachment":"scroll","background-type":"","background-media":"","overlay-type":"","overlay-color":"","overlay-opacity":"","overlay-gradient":""},"tablet":{"background-color":"var(--ast-global-color-5)","background-image":"","background-repeat":"repeat","background-position":"center center","background-size":"auto","background-attachment":"scroll","background-type":"","background-media":"","overlay-type":"","overlay-color":"","overlay-opacity":"","overlay-gradient":""},"mobile":{"background-color":"var(--ast-global-color-5)","background-image":"","background-repeat":"repeat","background-position":"center center","background-size":"auto","background-attachment":"scroll","background-type":"","background-media":"","overlay-type":"","overlay-color":"","overlay-opacity":"","overlay-gradient":""}}},"product_cat":[276,6],"product_tag":[],"_links":{"self":[{"href":"https:\/\/www.celebimutfak.com\/index.php\/wp-json\/wp\/v2\/product\/527"}],"collection":[{"href":"https:\/\/www.celebimutfak.com\/index.php\/wp-json\/wp\/v2\/product"}],"about":[{"href":"https:\/\/www.celebimutfak.com\/index.php\/wp-json\/wp\/v2\/types\/product"}],"replies":[{"embeddable":true,"href":"https:\/\/www.celebimutfak.com\/index.php\/wp-json\/wp\/v2\/comments?post=527"}],"wp:featuredmedia":[{"embeddable":true,"href":"https:\/\/www.celebimutfak.com\/index.php\/wp-json\/wp\/v2\/media\/1888"}],"wp:attachment":[{"href":"https:\/\/www.celebimutfak.com\/index.php\/wp-json\/wp\/v2\/media?parent=527"}],"wp:term":[{"taxonomy":"product_cat","embeddable":true,"href":"https:\/\/www.celebimutfak.com\/index.php\/wp-json\/wp\/v2\/product_cat?post=527"},{"taxonomy":"product_tag","embeddable":true,"href":"https:\/\/www.celebimutfak.com\/index.php\/wp-json\/wp\/v2\/product_tag?post=527"}],"curies":[{"name":"wp","href":"https:\/\/api.w.org\/{rel}","templated":true}]}}