{"id":513,"date":"2018-11-18T13:53:38","date_gmt":"2018-11-18T10:53:38","guid":{"rendered":"http:\/\/www.celebimutfak.com\/?post_type=product&#038;p=513"},"modified":"2022-01-04T23:17:35","modified_gmt":"2022-01-04T20:17:35","slug":"bursa-kamyonet-transit-panelvan-sac-kaplama-aliminyum","status":"publish","type":"product","link":"https:\/\/www.celebimutfak.com\/index.php\/urun\/bursa-kamyonet-transit-panelvan-sac-kaplama-aliminyum\/","title":{"rendered":"Kamyonet &#8211; Panelvan Sac Kaplama"},"content":{"rendered":"<h2>Ara\u00e7 i\u00e7i sac kaplama<\/h2>\n<p>Kamyonet, panelvan tipi ara\u00e7lar\u0131n i\u00e7i aliminy\u00fcm veya paslanmaz sac ile kaplan\u0131r. Her arac\u0131n \u00f6l\u00e7\u00fcs\u00fcne g\u00f6re gidecek olan malzeme farkl\u0131 olaca\u011f\u0131 i\u00e7in, fiyat\u0131 da farkl\u0131 olacakt\u0131r.\u00a0 Doblo, Caddy gibi ara\u00e7lar\u0131n kaplamas\u0131 4.000 TL&#8217;den ba\u015flamaktad\u0131r. Kaplamaya tavan dahil de\u011fildir.<\/p>\n<p>Not : E\u011fer m\u00fc\u015fteri isterse malzemeyi kendisi al\u0131r, sadece i\u015f\u00e7ilik \u00fccreti ile(1500-3000 TL aras\u0131) kaplama yapabiliriz.<\/p>\n","protected":false},"excerpt":{"rendered":"<ul>\n<li>Transit, Ducato, Boxer, Jumper, Doblo, Kangoo, Caddy ve benzeri ara\u00e7lara kaplama yap\u0131l\u0131r.<\/li>\n<li>0224 361 38 99 numaral\u0131 telefonu arayarak fiyat alabilirsiniz<\/li>\n<li>Paslanmaz ve Al\u00fcminy\u00fcm\u00a0 sacdan kaplama<\/li>\n<li>Per\u00e7in ile vidalama i\u015flemi. Vidaya g\u00f6re daha uzun s\u00fcre kullan\u0131m.(Ara\u00e7 s\u00fcrekli hareketli oldu\u011fu i\u00e7in vida zamanla \u00e7\u0131k\u0131yor)<\/li>\n<li>Panelvan, minib\u00fcs, a\u00e7\u0131k kasa kamyonet, pick up ara\u00e7lara kaplama<\/li>\n<li>Bursa ve \u00e7evre illerde hizmet(Arac\u0131n\u0131z\u0131 firmam\u0131za getirin, kaplama 1-2 g\u00fcn aras\u0131 s\u00fcrer)<\/li>\n<li>Sac kal\u0131nl\u0131\u011f\u0131 m\u00fc\u015fteri iste\u011fine g\u00f6re yap\u0131l\u0131r<\/li>\n<li>Yemekhane, Pastane ba\u015fta olmak \u00fczere i\u00e7i y\u0131kanan her ara\u00e7 i\u00e7in uygundur<\/li>\n<\/ul>\n","protected":false},"featured_media":515,"comment_status":"open","ping_status":"closed","template":"","meta":{"site-sidebar-layout":"default","site-content-layout":"default","ast-site-content-layout":"","site-content-style":"default","site-sidebar-style":"default","ast-global-header-display":"","ast-banner-title-visibility":"","ast-main-header-display":"","ast-hfb-above-header-display":"","ast-hfb-below-header-display":"","ast-hfb-mobile-header-display":"","site-post-title":"","ast-breadcrumbs-content":"","ast-featured-img":"","footer-sml-layout":"","theme-transparent-header-meta":"default","adv-header-id-meta":"","stick-header-meta":"","header-above-stick-meta":"","header-main-stick-meta":"","header-below-stick-meta":"","astra-migrate-meta-layouts":"default","ast-page-background-enabled":"default","ast-page-background-meta":{"desktop":{"background-color":"var(--ast-global-color-4)","background-image":"","background-repeat":"repeat","background-position":"center center","background-size":"auto","background-attachment":"scroll","background-type":"","background-media":"","overlay-type":"","overlay-color":"","overlay-opacity":"","overlay-gradient":""},"tablet":{"background-color":"","background-image":"","background-repeat":"repeat","background-position":"center center","background-size":"auto","background-attachment":"scroll","background-type":"","background-media":"","overlay-type":"","overlay-color":"","overlay-opacity":"","overlay-gradient":""},"mobile":{"background-color":"","background-image":"","background-repeat":"repeat","background-position":"center center","background-size":"auto","background-attachment":"scroll","background-type":"","background-media":"","overlay-type":"","overlay-color":"","overlay-opacity":"","overlay-gradient":""}},"ast-content-background-meta":{"desktop":{"background-color":"var(--ast-global-color-5)","background-image":"","background-repeat":"repeat","background-position":"center center","background-size":"auto","background-attachment":"scroll","background-type":"","background-media":"","overlay-type":"","overlay-color":"","overlay-opacity":"","overlay-gradient":""},"tablet":{"background-color":"var(--ast-global-color-5)","background-image":"","background-repeat":"repeat","background-position":"center center","background-size":"auto","background-attachment":"scroll","background-type":"","background-media":"","overlay-type":"","overlay-color":"","overlay-opacity":"","overlay-gradient":""},"mobile":{"background-color":"var(--ast-global-color-5)","background-image":"","background-repeat":"repeat","background-position":"center center","background-size":"auto","background-attachment":"scroll","background-type":"","background-media":"","overlay-type":"","overlay-color":"","overlay-opacity":"","overlay-gradient":""}}},"product_cat":[9],"product_tag":[],"_links":{"self":[{"href":"https:\/\/www.celebimutfak.com\/index.php\/wp-json\/wp\/v2\/product\/513"}],"collection":[{"href":"https:\/\/www.celebimutfak.com\/index.php\/wp-json\/wp\/v2\/product"}],"about":[{"href":"https:\/\/www.celebimutfak.com\/index.php\/wp-json\/wp\/v2\/types\/product"}],"replies":[{"embeddable":true,"href":"https:\/\/www.celebimutfak.com\/index.php\/wp-json\/wp\/v2\/comments?post=513"}],"wp:featuredmedia":[{"embeddable":true,"href":"https:\/\/www.celebimutfak.com\/index.php\/wp-json\/wp\/v2\/media\/515"}],"wp:attachment":[{"href":"https:\/\/www.celebimutfak.com\/index.php\/wp-json\/wp\/v2\/media?parent=513"}],"wp:term":[{"taxonomy":"product_cat","embeddable":true,"href":"https:\/\/www.celebimutfak.com\/index.php\/wp-json\/wp\/v2\/product_cat?post=513"},{"taxonomy":"product_tag","embeddable":true,"href":"https:\/\/www.celebimutfak.com\/index.php\/wp-json\/wp\/v2\/product_tag?post=513"}],"curies":[{"name":"wp","href":"https:\/\/api.w.org\/{rel}","templated":true}]}}