{"id":327,"date":"2017-08-26T13:37:42","date_gmt":"2017-08-26T10:37:42","guid":{"rendered":"http:\/\/www.celebimutfak.com\/?post_type=product&#038;p=327"},"modified":"2024-12-04T22:42:26","modified_gmt":"2024-12-04T19:42:26","slug":"4lu-ocak-kuzine-lokanta-tipi","status":"publish","type":"product","link":"https:\/\/www.celebimutfak.com\/index.php\/urun\/4lu-ocak-kuzine-lokanta-tipi\/","title":{"rendered":"T\u00fcpl\u00fc Lokanta Oca\u011f\u0131 4 G\u00f6zl\u00fc"},"content":{"rendered":"<h2>4l\u00fc Sanayi Tipi T\u00fcpl\u00fc Ocak<\/h2>\n<p>Sadece t\u00fcpl\u00fc olarak \u00fcretmekteyiz. Lokanta, yemekhane gibi bir\u00e7ok alanda kullan\u0131ma uygundur. Piyasadaki ismi, <strong>1 m2 t\u00fcpl\u00fc kuzine<\/strong> olarak ge\u00e7er. G\u00f6vdesi komple paslanmaz \u00e7eliktir.<\/p>\n<h3>T\u00fcpl\u00fc Lokanta Oca\u011f\u0131<\/h3>\n<p>M\u00fc\u015fteri iste\u011fine g\u00f6re \u00f6zel olarak imal etmekteyiz. \u0130stenirse 3&#8217;l\u00fc olarak \u00fcretilmektedir. 3&#8217;l\u00fc olursa d\u00f6k\u00fcmler 3 s\u0131ra halinde yan yana \u015feklinde \u00fcretilir. Her t\u00fcrl\u00fc yemekhane ve lokanta i\u00e7in uygundur.<\/p>\n","protected":false},"excerpt":{"rendered":"<ul>\n<li>304 kalite paslanmaz g\u00f6vde<\/li>\n<li>40*40mm profilden ayak<\/li>\n<li>Profile ge\u00e7meli y\u00fckseklik ayarl\u0131 vidal\u0131 ayak<\/li>\n<li>\u0130stenilen \u00f6l\u00e7\u00fclerde \u00fcretim<\/li>\n<li>Sadece t\u00fcpl\u00fc olarak \u00fcretim yapmaktay\u0131z.<\/li>\n<li>F\u0131r\u0131ns\u0131z, alt\u0131 a\u00e7\u0131k.<\/li>\n<\/ul>\n","protected":false},"featured_media":328,"comment_status":"open","ping_status":"closed","template":"","meta":{"site-sidebar-layout":"default","site-content-layout":"default","ast-site-content-layout":"","site-content-style":"default","site-sidebar-style":"default","ast-global-header-display":"","ast-banner-title-visibility":"","ast-main-header-display":"","ast-hfb-above-header-display":"","ast-hfb-below-header-display":"","ast-hfb-mobile-header-display":"","site-post-title":"","ast-breadcrumbs-content":"","ast-featured-img":"","footer-sml-layout":"","theme-transparent-header-meta":"default","adv-header-id-meta":"","stick-header-meta":"","header-above-stick-meta":"","header-main-stick-meta":"","header-below-stick-meta":"","astra-migrate-meta-layouts":"default","ast-page-background-enabled":"default","ast-page-background-meta":{"desktop":{"background-color":"var(--ast-global-color-4)","background-image":"","background-repeat":"repeat","background-position":"center center","background-size":"auto","background-attachment":"scroll","background-type":"","background-media":"","overlay-type":"","overlay-color":"","overlay-opacity":"","overlay-gradient":""},"tablet":{"background-color":"","background-image":"","background-repeat":"repeat","background-position":"center center","background-size":"auto","background-attachment":"scroll","background-type":"","background-media":"","overlay-type":"","overlay-color":"","overlay-opacity":"","overlay-gradient":""},"mobile":{"background-color":"","background-image":"","background-repeat":"repeat","background-position":"center center","background-size":"auto","background-attachment":"scroll","background-type":"","background-media":"","overlay-type":"","overlay-color":"","overlay-opacity":"","overlay-gradient":""}},"ast-content-background-meta":{"desktop":{"background-color":"var(--ast-global-color-5)","background-image":"","background-repeat":"repeat","background-position":"center center","background-size":"auto","background-attachment":"scroll","background-type":"","background-media":"","overlay-type":"","overlay-color":"","overlay-opacity":"","overlay-gradient":""},"tablet":{"background-color":"var(--ast-global-color-5)","background-image":"","background-repeat":"repeat","background-position":"center center","background-size":"auto","background-attachment":"scroll","background-type":"","background-media":"","overlay-type":"","overlay-color":"","overlay-opacity":"","overlay-gradient":""},"mobile":{"background-color":"var(--ast-global-color-5)","background-image":"","background-repeat":"repeat","background-position":"center center","background-size":"auto","background-attachment":"scroll","background-type":"","background-media":"","overlay-type":"","overlay-color":"","overlay-opacity":"","overlay-gradient":""}}},"product_cat":[76],"product_tag":[],"_links":{"self":[{"href":"https:\/\/www.celebimutfak.com\/index.php\/wp-json\/wp\/v2\/product\/327"}],"collection":[{"href":"https:\/\/www.celebimutfak.com\/index.php\/wp-json\/wp\/v2\/product"}],"about":[{"href":"https:\/\/www.celebimutfak.com\/index.php\/wp-json\/wp\/v2\/types\/product"}],"replies":[{"embeddable":true,"href":"https:\/\/www.celebimutfak.com\/index.php\/wp-json\/wp\/v2\/comments?post=327"}],"wp:featuredmedia":[{"embeddable":true,"href":"https:\/\/www.celebimutfak.com\/index.php\/wp-json\/wp\/v2\/media\/328"}],"wp:attachment":[{"href":"https:\/\/www.celebimutfak.com\/index.php\/wp-json\/wp\/v2\/media?parent=327"}],"wp:term":[{"taxonomy":"product_cat","embeddable":true,"href":"https:\/\/www.celebimutfak.com\/index.php\/wp-json\/wp\/v2\/product_cat?post=327"},{"taxonomy":"product_tag","embeddable":true,"href":"https:\/\/www.celebimutfak.com\/index.php\/wp-json\/wp\/v2\/product_tag?post=327"}],"curies":[{"name":"wp","href":"https:\/\/api.w.org\/{rel}","templated":true}]}}