{"id":231,"date":"2016-07-24T21:46:23","date_gmt":"2016-07-24T18:46:23","guid":{"rendered":"http:\/\/www.celebimutfak.com\/?post_type=product&#038;p=231"},"modified":"2024-12-04T22:38:22","modified_gmt":"2024-12-04T19:38:22","slug":"sahra-kosan-ocak-ce-belgeli","status":"publish","type":"product","link":"https:\/\/www.celebimutfak.com\/index.php\/urun\/sahra-kosan-ocak-ce-belgeli\/","title":{"rendered":"Yer Oca\u011f\u0131 &#8211; Sahra Mutfak Oca\u011f\u0131"},"content":{"rendered":"<h2>Sahra Tipi B\u00fcy\u00fck Ocak<\/h2>\n<p>Sahra mutfaklarda kullan\u0131ma uygun b\u00fcy\u00fck yer oca\u011f\u0131d\u0131r. Bu yer oca\u011f\u0131 b\u00fcy\u00fck kazanlarda kullan\u0131labilmektedir. Kasas\u0131 komple 304 kalite paslanmaz \u00e7eliktir. \u00dczerinde sanayi tipi ocaklara uygun d\u00f6k\u00fcm bulunmaktad\u0131r. Ta\u015f\u0131mal\u0131 mutfaklarda, askeri mutfaklarda ve afet\/deprem mutfaklar\u0131nda tercih edilmektedir. Firmam\u0131z mutfak ekipmanlar\u0131 imalat\u00e7\u0131 firmad\u0131r.<\/p>\n<p><a href=\"https:\/\/www.celebimutfak.com\/wp-content\/uploads\/2016\/07\/sahra-mutfak-ocagi-tuplu.webp\"><img decoding=\"async\" class=\"aligncenter size-full wp-image-2000\" src=\"https:\/\/www.celebimutfak.com\/wp-content\/uploads\/2016\/07\/sahra-mutfak-ocagi-tuplu.webp\" alt=\"T\u00fcpl\u00fc Sahra Mutfa\u011f\u0131 Oca\u011f\u0131\" width=\"768\" height=\"1024\" srcset=\"https:\/\/www.celebimutfak.com\/wp-content\/uploads\/2016\/07\/sahra-mutfak-ocagi-tuplu.webp 768w, https:\/\/www.celebimutfak.com\/wp-content\/uploads\/2016\/07\/sahra-mutfak-ocagi-tuplu-225x300.webp 225w, https:\/\/www.celebimutfak.com\/wp-content\/uploads\/2016\/07\/sahra-mutfak-ocagi-tuplu-600x800.webp 600w\" sizes=\"(max-width: 768px) 100vw, 768px\" \/><\/a><\/p>\n<h3>T\u00fcpl\u00fc Sahra Ocak<\/h3>\n<p>T\u00fcpl\u00fc sahra ocaklar, 110cm \u00e7ap\u0131ndaki en b\u00fcy\u00fck kazanlarla kullan\u0131labilmektedir. Bu ocaklar sa\u011flam g\u00f6vdesi ve y\u00fcksek \u0131s\u0131 g\u00fcc\u00fc sayesinde kalabal\u0131k gruplar i\u00e7in yemek pi\u015firmeye en uygun ocak tipidir. Sahra mutfak oca\u011f\u0131nda \u00e7ift yan\u0131\u015fl\u0131 br\u00fcl\u00f6r bulunmaktad\u0131r. Ocak br\u00fcl\u00f6r\u00fc 27 KW g\u00fcce sahiptir.<\/p>\n","protected":false},"excerpt":{"rendered":"<h4><strong>g\u00fcncel fiyat bilgisi i\u00e7in <a style=\"text-decoration: underline;\" href=\"https:\/\/www.celebimutfak.com\/index.php\/iletisim\/\" target=\"_blank\" rel=\"noopener\">\u0130LET\u0130\u015e\u0130M<\/a><br \/>\n<\/strong><\/h4>\n<p>* CE Belgeli<br \/>\n* Gaz s\u0131z\u0131nt\u0131s\u0131n\u0131 \u00f6nleyen Ventilli Musluk<br \/>\n* Do\u011falgazl\u0131 veya LNG&#8217;li<br \/>\n* Paslanmaz g\u00f6vdeli<br \/>\n* 60x80x50cm \u00f6l\u00e7\u00fclerinde<br \/>\n* \u00c7ift yan\u0131\u015fl\u0131(\u00e7ift br\u00fcl\u00f6rl\u00fc)<br \/>\n* Gazmer<br \/>\n* Yer Oca\u011f\u0131, Sanayi Tipi Ocak<br \/>\n* Profesyonel kullan\u0131ma uygun, h\u0131zl\u0131 pi\u015firme<br \/>\n* B\u00fcy\u00fck kazanlar i\u00e7in<\/p>\n<h5>\u00d6deme Y\u00f6ntemi : <span style=\"color: #ff0000;\"><strong>HAVALE \/ EFT<\/strong><\/span><\/h5>\n<p>\u00dcretime ba\u015flanan \u00fcr\u00fcnlerde geri iade kabul edilmemektedir.<\/p>\n","protected":false},"featured_media":232,"comment_status":"open","ping_status":"closed","template":"","meta":{"site-sidebar-layout":"default","site-content-layout":"default","ast-site-content-layout":"","site-content-style":"default","site-sidebar-style":"default","ast-global-header-display":"","ast-banner-title-visibility":"","ast-main-header-display":"","ast-hfb-above-header-display":"","ast-hfb-below-header-display":"","ast-hfb-mobile-header-display":"","site-post-title":"","ast-breadcrumbs-content":"","ast-featured-img":"","footer-sml-layout":"","theme-transparent-header-meta":"default","adv-header-id-meta":"","stick-header-meta":"","header-above-stick-meta":"","header-main-stick-meta":"","header-below-stick-meta":"","astra-migrate-meta-layouts":"default","ast-page-background-enabled":"default","ast-page-background-meta":{"desktop":{"background-color":"var(--ast-global-color-4)","background-image":"","background-repeat":"repeat","background-position":"center center","background-size":"auto","background-attachment":"scroll","background-type":"","background-media":"","overlay-type":"","overlay-color":"","overlay-opacity":"","overlay-gradient":""},"tablet":{"background-color":"","background-image":"","background-repeat":"repeat","background-position":"center center","background-size":"auto","background-attachment":"scroll","background-type":"","background-media":"","overlay-type":"","overlay-color":"","overlay-opacity":"","overlay-gradient":""},"mobile":{"background-color":"","background-image":"","background-repeat":"repeat","background-position":"center center","background-size":"auto","background-attachment":"scroll","background-type":"","background-media":"","overlay-type":"","overlay-color":"","overlay-opacity":"","overlay-gradient":""}},"ast-content-background-meta":{"desktop":{"background-color":"var(--ast-global-color-5)","background-image":"","background-repeat":"repeat","background-position":"center center","background-size":"auto","background-attachment":"scroll","background-type":"","background-media":"","overlay-type":"","overlay-color":"","overlay-opacity":"","overlay-gradient":""},"tablet":{"background-color":"var(--ast-global-color-5)","background-image":"","background-repeat":"repeat","background-position":"center center","background-size":"auto","background-attachment":"scroll","background-type":"","background-media":"","overlay-type":"","overlay-color":"","overlay-opacity":"","overlay-gradient":""},"mobile":{"background-color":"var(--ast-global-color-5)","background-image":"","background-repeat":"repeat","background-position":"center center","background-size":"auto","background-attachment":"scroll","background-type":"","background-media":"","overlay-type":"","overlay-color":"","overlay-opacity":"","overlay-gradient":""}}},"product_cat":[76],"product_tag":[],"_links":{"self":[{"href":"https:\/\/www.celebimutfak.com\/index.php\/wp-json\/wp\/v2\/product\/231"}],"collection":[{"href":"https:\/\/www.celebimutfak.com\/index.php\/wp-json\/wp\/v2\/product"}],"about":[{"href":"https:\/\/www.celebimutfak.com\/index.php\/wp-json\/wp\/v2\/types\/product"}],"replies":[{"embeddable":true,"href":"https:\/\/www.celebimutfak.com\/index.php\/wp-json\/wp\/v2\/comments?post=231"}],"wp:featuredmedia":[{"embeddable":true,"href":"https:\/\/www.celebimutfak.com\/index.php\/wp-json\/wp\/v2\/media\/232"}],"wp:attachment":[{"href":"https:\/\/www.celebimutfak.com\/index.php\/wp-json\/wp\/v2\/media?parent=231"}],"wp:term":[{"taxonomy":"product_cat","embeddable":true,"href":"https:\/\/www.celebimutfak.com\/index.php\/wp-json\/wp\/v2\/product_cat?post=231"},{"taxonomy":"product_tag","embeddable":true,"href":"https:\/\/www.celebimutfak.com\/index.php\/wp-json\/wp\/v2\/product_tag?post=231"}],"curies":[{"name":"wp","href":"https:\/\/api.w.org\/{rel}","templated":true}]}}