{"id":219,"date":"2016-07-01T06:38:29","date_gmt":"2016-07-01T03:38:29","guid":{"rendered":"http:\/\/www.celebimutfak.com\/?post_type=product&#038;p=219"},"modified":"2022-05-11T17:29:51","modified_gmt":"2022-05-11T14:29:51","slug":"konveksiyonlu-firin-arabasi","status":"publish","type":"product","link":"https:\/\/www.celebimutfak.com\/index.php\/urun\/konveksiyonlu-firin-arabasi\/","title":{"rendered":"F\u0131r\u0131n Arabas\u0131"},"content":{"rendered":"<h2>Paslanmaz F\u0131r\u0131n Arabas\u0131<\/h2>\n<p>Paslanmaz f\u0131r\u0131n arabalar\u0131 konveksiyonlu f\u0131r\u0131nlar\u0131n <strong>tepsi raflar\u0131n\u0131<\/strong> ta\u015f\u0131mak i\u00e7in kullan\u0131lmaktad\u0131r. Tepsi raflar\u0131 i\u00e7ine yemek k\u00fcveti koyularak f\u0131r\u0131na s\u00fcr\u00fcl\u00fcr. Tepsi raf\u0131 komple f\u0131r\u0131ndan \u00e7\u0131kart\u0131l\u0131p <strong>f\u0131r\u0131n arabas\u0131na<\/strong> koyulmaktad\u0131r.<\/p>\n<h3>Paslanmaz F\u0131r\u0131n Arabas\u0131 Nedir?<\/h3>\n<p>Paslanmaz f\u0131r\u0131n arabas\u0131, sanayi tipi f\u0131r\u0131nlar\u0131n tepsi raflar\u0131n\u0131 ta\u015f\u0131mak i\u00e7in kullan\u0131l\u0131r. F\u0131r\u0131n arabalar\u0131n\u0131n alt\u0131nda 2 adet ray vard\u0131r. Bu raylar\u0131n \u00fczerine tepsi raflar\u0131 oturur. Tepsi raflar\u0131na f\u0131r\u0131n tepsileri koyulur ve rafla beraber f\u0131r\u0131na koyulmaktad\u0131r.<\/p>\n<p>F\u0131r\u0131n arabas\u0131n\u0131n arka taraf\u0131nda kilit mekanizmas\u0131 vard\u0131r. Tepsi raf\u0131 bu mekanizmaya kilitlenir. Kilitlenen tepsi raflar\u0131n\u0131n, ta\u015f\u0131ma esnas\u0131nda kaymas\u0131 engellenmi\u015f olur. Paslanmaz f\u0131r\u0131n aras\u0131 4 adet <strong>sanayi tipi tekerle\u011fe<\/strong> sahiptir. Bu tekerleklerden 2 tanesinde fren mekanizmas\u0131 bulunmaktad\u0131r.<\/p>\n<p>F\u0131r\u0131n arabas\u0131n\u0131n sac tablas\u0131 ve raylar\u0131 dahil 304 kalite paslanmaz \u00e7eliktir. Tutma kollar\u0131n\u0131 da ayn\u0131 \u015fekilde <strong>paslanmaz \u00e7elik boru<\/strong> kullan\u0131yoruz. \u00dcr\u00fcn\u00fcn montaj\u0131 argon ve gaz alt\u0131(paslanmaz tel) kaynak kullan\u0131yoruz.<\/p>\n","protected":false},"excerpt":{"rendered":"<ul>\n<li>Tamam\u0131 304 kalite paslanmazdan imal.<\/li>\n<li>\u0130stenilen \u00f6l\u00e7\u00fclerde \u00fcretilmektedir.<\/li>\n<li>F\u0131r\u0131n markas\u0131na g\u00f6re \u00f6zel \u00f6l\u00e7\u00fcde \u00fcretilir.<\/li>\n<\/ul>\n<p>&nbsp;<\/p>\n","protected":false},"featured_media":220,"comment_status":"open","ping_status":"closed","template":"","meta":{"site-sidebar-layout":"default","site-content-layout":"default","ast-site-content-layout":"","site-content-style":"default","site-sidebar-style":"default","ast-global-header-display":"","ast-banner-title-visibility":"","ast-main-header-display":"","ast-hfb-above-header-display":"","ast-hfb-below-header-display":"","ast-hfb-mobile-header-display":"","site-post-title":"","ast-breadcrumbs-content":"","ast-featured-img":"","footer-sml-layout":"","theme-transparent-header-meta":"default","adv-header-id-meta":"","stick-header-meta":"","header-above-stick-meta":"","header-main-stick-meta":"","header-below-stick-meta":"","astra-migrate-meta-layouts":"default","ast-page-background-enabled":"default","ast-page-background-meta":{"desktop":{"background-color":"var(--ast-global-color-4)","background-image":"","background-repeat":"repeat","background-position":"center center","background-size":"auto","background-attachment":"scroll","background-type":"","background-media":"","overlay-type":"","overlay-color":"","overlay-opacity":"","overlay-gradient":""},"tablet":{"background-color":"","background-image":"","background-repeat":"repeat","background-position":"center center","background-size":"auto","background-attachment":"scroll","background-type":"","background-media":"","overlay-type":"","overlay-color":"","overlay-opacity":"","overlay-gradient":""},"mobile":{"background-color":"","background-image":"","background-repeat":"repeat","background-position":"center center","background-size":"auto","background-attachment":"scroll","background-type":"","background-media":"","overlay-type":"","overlay-color":"","overlay-opacity":"","overlay-gradient":""}},"ast-content-background-meta":{"desktop":{"background-color":"var(--ast-global-color-5)","background-image":"","background-repeat":"repeat","background-position":"center center","background-size":"auto","background-attachment":"scroll","background-type":"","background-media":"","overlay-type":"","overlay-color":"","overlay-opacity":"","overlay-gradient":""},"tablet":{"background-color":"var(--ast-global-color-5)","background-image":"","background-repeat":"repeat","background-position":"center center","background-size":"auto","background-attachment":"scroll","background-type":"","background-media":"","overlay-type":"","overlay-color":"","overlay-opacity":"","overlay-gradient":""},"mobile":{"background-color":"var(--ast-global-color-5)","background-image":"","background-repeat":"repeat","background-position":"center center","background-size":"auto","background-attachment":"scroll","background-type":"","background-media":"","overlay-type":"","overlay-color":"","overlay-opacity":"","overlay-gradient":""}}},"product_cat":[106],"product_tag":[],"_links":{"self":[{"href":"https:\/\/www.celebimutfak.com\/index.php\/wp-json\/wp\/v2\/product\/219"}],"collection":[{"href":"https:\/\/www.celebimutfak.com\/index.php\/wp-json\/wp\/v2\/product"}],"about":[{"href":"https:\/\/www.celebimutfak.com\/index.php\/wp-json\/wp\/v2\/types\/product"}],"replies":[{"embeddable":true,"href":"https:\/\/www.celebimutfak.com\/index.php\/wp-json\/wp\/v2\/comments?post=219"}],"wp:featuredmedia":[{"embeddable":true,"href":"https:\/\/www.celebimutfak.com\/index.php\/wp-json\/wp\/v2\/media\/220"}],"wp:attachment":[{"href":"https:\/\/www.celebimutfak.com\/index.php\/wp-json\/wp\/v2\/media?parent=219"}],"wp:term":[{"taxonomy":"product_cat","embeddable":true,"href":"https:\/\/www.celebimutfak.com\/index.php\/wp-json\/wp\/v2\/product_cat?post=219"},{"taxonomy":"product_tag","embeddable":true,"href":"https:\/\/www.celebimutfak.com\/index.php\/wp-json\/wp\/v2\/product_tag?post=219"}],"curies":[{"name":"wp","href":"https:\/\/api.w.org\/{rel}","templated":true}]}}