{"id":217,"date":"2016-07-01T06:32:28","date_gmt":"2016-07-01T03:32:28","guid":{"rendered":"http:\/\/www.celebimutfak.com\/?post_type=product&#038;p=217"},"modified":"2022-05-11T17:17:32","modified_gmt":"2022-05-11T14:17:32","slug":"konveksiyonlu-firin-standi","status":"publish","type":"product","link":"https:\/\/www.celebimutfak.com\/index.php\/urun\/konveksiyonlu-firin-standi\/","title":{"rendered":"F\u0131r\u0131n Stand\u0131"},"content":{"rendered":"<h2>Konveksiyonlu F\u0131r\u0131n Alt Raf\u0131<\/h2>\n<p>F\u0131r\u0131n alt raf\u0131 genellikle 10 s\u0131ral\u0131 f\u0131r\u0131nlar i\u00e7in kullan\u0131lmaktad\u0131r. <strong>K\u00fc\u00e7\u00fck konveksiyonlu f\u0131r\u0131nlar<\/strong> yerde duramayaca\u011f\u0131 i\u00e7in <strong>paslanmaz f\u0131r\u0131n aya\u011f\u0131<\/strong>n\u0131n \u00fczerine koyulmaktad\u0131r. \u0130noksan, \u00f6ztiryakiler, empero f\u0131r\u0131nlar i\u00e7in \u00f6zel \u00f6l\u00e7\u00fcde <strong>f\u0131r\u0131n alt tablas\u0131 \u00fcretimi<\/strong> yapmaktay\u0131z.<\/p>\n<p>F\u0131r\u0131n alt tablas\u0131 40*40 ebatlar\u0131nda 304 kalite kal\u0131n profilden imal edilmelidir. F\u0131r\u0131n\u0131n kendi a\u011f\u0131rl\u0131\u011f\u0131 ve i\u00e7indeki yemeklerin a\u011f\u0131rl\u0131\u011f\u0131 d\u00fc\u015f\u00fcn\u00fcld\u00fc\u011f\u00fc zaman <strong>dayan\u0131kl\u0131 f\u0131r\u0131n aya\u011f\u0131<\/strong> gerekmektedir.<\/p>\n<p>E\u011fer yeni bir konveksiyonlu f\u0131r\u0131n ald\u0131ysan\u0131z, f\u0131r\u0131n aya\u011f\u0131 yapt\u0131rmak i\u00e7in bizimle ileti\u015fime ge\u00e7ebilirsiniz.<\/p>\n<h3>Konveksiyonlu F\u0131r\u0131n Tezgah\u0131<\/h3>\n<p>G\u00f6rkem, Empero, Arisco f\u0131r\u0131nlar i\u00e7in alt tezgah ihtiya\u00e7lar\u0131n\u0131z\u0131 bize bildirebilirsiniz. 304 kalite <strong>krom f\u0131r\u0131n tezgah\u0131<\/strong> \u00fcretip ambar ile \u015fehrinize g\u00f6nderelim.<\/p>\n<p>Konveksiyonlu f\u0131r\u0131nlar gn 1\/1 k\u00fcvet kullan\u0131rlar: <a href=\"https:\/\/www.celebimutfak.com\/index.php\/2020\/07\/26\/paslanmaz-celik-yemek-ebat\/\" target=\"_blank\" rel=\"noopener\">GN k\u00fcvet \u00f6l\u00e7\u00fcleri<\/a><\/p>\n<p>F\u0131r\u0131n tepsilerini ta\u015f\u0131mak i\u00e7in paslanmaz \u00e7elik tepsi arabalar\u0131 imalat\u0131 yap\u0131yoruz. F\u0131r\u0131n tepsi arabalar\u0131 hem k\u00fc\u00e7\u00fck konveksiyonlu f\u0131r\u0131nlar i\u00e7in hem de b\u00fcy\u00fck f\u0131r\u0131nlar i\u00e7in kullan\u0131lmaktad\u0131r: <a href=\"https:\/\/www.celebimutfak.com\/index.php\/urun\/firin-tepsi-arabasi\/\" target=\"_blank\" rel=\"noopener\">F\u0131r\u0131n tepsi arabalar\u0131<\/a><\/p>\n<p><strong><a href=\"https:\/\/www.celebimutfak.com\/index.php\/iletisim\/\" target=\"_blank\" rel=\"noopener\">\u0130LET\u0130\u015e\u0130M<\/a><\/strong><\/p>\n","protected":false},"excerpt":{"rendered":"<ul>\n<li>\u0130noksan, \u00f6ztiryakiler gibi konveksiyonlu f\u0131r\u0131nlar i\u00e7in \u00f6zel \u00fcretilir.<\/li>\n<li>Tamam\u0131 304 kalite paslanmazdan \u00fcretilmi\u015ftir<\/li>\n<li>5 s\u0131ra rafl\u0131d\u0131r, raf say\u0131s\u0131 de\u011fi\u015febilir<\/li>\n<li><strong><a href=\"tel:02243613899\">\u0130LET\u0130\u015e\u0130M<\/a><\/strong><\/li>\n<\/ul>\n","protected":false},"featured_media":218,"comment_status":"open","ping_status":"closed","template":"","meta":{"site-sidebar-layout":"default","site-content-layout":"default","ast-site-content-layout":"","site-content-style":"default","site-sidebar-style":"default","ast-global-header-display":"","ast-banner-title-visibility":"","ast-main-header-display":"","ast-hfb-above-header-display":"","ast-hfb-below-header-display":"","ast-hfb-mobile-header-display":"","site-post-title":"","ast-breadcrumbs-content":"","ast-featured-img":"","footer-sml-layout":"","theme-transparent-header-meta":"default","adv-header-id-meta":"","stick-header-meta":"","header-above-stick-meta":"","header-main-stick-meta":"","header-below-stick-meta":"","astra-migrate-meta-layouts":"default","ast-page-background-enabled":"default","ast-page-background-meta":{"desktop":{"background-color":"var(--ast-global-color-4)","background-image":"","background-repeat":"repeat","background-position":"center center","background-size":"auto","background-attachment":"scroll","background-type":"","background-media":"","overlay-type":"","overlay-color":"","overlay-opacity":"","overlay-gradient":""},"tablet":{"background-color":"","background-image":"","background-repeat":"repeat","background-position":"center center","background-size":"auto","background-attachment":"scroll","background-type":"","background-media":"","overlay-type":"","overlay-color":"","overlay-opacity":"","overlay-gradient":""},"mobile":{"background-color":"","background-image":"","background-repeat":"repeat","background-position":"center center","background-size":"auto","background-attachment":"scroll","background-type":"","background-media":"","overlay-type":"","overlay-color":"","overlay-opacity":"","overlay-gradient":""}},"ast-content-background-meta":{"desktop":{"background-color":"var(--ast-global-color-5)","background-image":"","background-repeat":"repeat","background-position":"center center","background-size":"auto","background-attachment":"scroll","background-type":"","background-media":"","overlay-type":"","overlay-color":"","overlay-opacity":"","overlay-gradient":""},"tablet":{"background-color":"var(--ast-global-color-5)","background-image":"","background-repeat":"repeat","background-position":"center center","background-size":"auto","background-attachment":"scroll","background-type":"","background-media":"","overlay-type":"","overlay-color":"","overlay-opacity":"","overlay-gradient":""},"mobile":{"background-color":"var(--ast-global-color-5)","background-image":"","background-repeat":"repeat","background-position":"center center","background-size":"auto","background-attachment":"scroll","background-type":"","background-media":"","overlay-type":"","overlay-color":"","overlay-opacity":"","overlay-gradient":""}}},"product_cat":[106],"product_tag":[],"_links":{"self":[{"href":"https:\/\/www.celebimutfak.com\/index.php\/wp-json\/wp\/v2\/product\/217"}],"collection":[{"href":"https:\/\/www.celebimutfak.com\/index.php\/wp-json\/wp\/v2\/product"}],"about":[{"href":"https:\/\/www.celebimutfak.com\/index.php\/wp-json\/wp\/v2\/types\/product"}],"replies":[{"embeddable":true,"href":"https:\/\/www.celebimutfak.com\/index.php\/wp-json\/wp\/v2\/comments?post=217"}],"wp:featuredmedia":[{"embeddable":true,"href":"https:\/\/www.celebimutfak.com\/index.php\/wp-json\/wp\/v2\/media\/218"}],"wp:attachment":[{"href":"https:\/\/www.celebimutfak.com\/index.php\/wp-json\/wp\/v2\/media?parent=217"}],"wp:term":[{"taxonomy":"product_cat","embeddable":true,"href":"https:\/\/www.celebimutfak.com\/index.php\/wp-json\/wp\/v2\/product_cat?post=217"},{"taxonomy":"product_tag","embeddable":true,"href":"https:\/\/www.celebimutfak.com\/index.php\/wp-json\/wp\/v2\/product_tag?post=217"}],"curies":[{"name":"wp","href":"https:\/\/api.w.org\/{rel}","templated":true}]}}