{"id":1457,"date":"2021-12-12T21:33:04","date_gmt":"2021-12-12T18:33:04","guid":{"rendered":"https:\/\/www.celebimutfak.com\/?post_type=product&#038;p=1457"},"modified":"2022-04-04T03:27:53","modified_gmt":"2022-04-04T00:27:53","slug":"kutu-tipi-paslanmaz-davlumbaz","status":"publish","type":"product","link":"https:\/\/www.celebimutfak.com\/index.php\/urun\/kutu-tipi-paslanmaz-davlumbaz\/","title":{"rendered":"Kutu Tipi Davlumbaz &#8211; Paslanmaz \u00c7elik"},"content":{"rendered":"<p>End\u00fcstriyel mutfaklarda kullan\u0131lan paslanmaz \u00e7elik davlumbazlar \u00c7ELEB\u0130 MUTFAK taraf\u0131ndan \u00fcretilmektedir. Firmam\u0131z 20 y\u0131l\u0131 a\u015fk\u0131n sekt\u00f6r tecr\u00fcbesiyle b\u00fcy\u00fck projelere mutfak ekipmanlar\u0131 \u00fcretimi yapmaktad\u0131r.<\/p>\n<h3>Paslanmaz \u00e7elik davlumbaz imalat\u0131<\/h3>\n<p>Firmam\u0131z her \u00f6l\u00e7\u00fc ve modelde paslanmaz \u00e7elik davlumbaz imalat\u0131 yapmaktad\u0131r. Ba\u015fta Bursa olmak \u00fczere bir\u00e7ok yemekhane ve fabrikalarda \u00fcretimini yapt\u0131\u011f\u0131m\u0131z davlumbazlar kullan\u0131lmaktad\u0131r. Davlumbazlar\u0131m\u0131z 304 kalite paslanmaz \u00e7elik sac ve profilden imal edilir. Sac kal\u0131nl\u0131\u011f\u0131 1 mm&#8217;dir. Profil iskeleti 25&#215;25&#8217;lik 1.2 mm kal\u0131nl\u0131\u011f\u0131nda paslanmaz profildir.<\/p>\n<p><a href=\"https:\/\/www.celebimutfak.com\/index.php\/iletisim\/\" target=\"_blank\" rel=\"noopener\">\u0130LET\u0130\u015e\u0130M<\/a><\/p>\n","protected":false},"excerpt":{"rendered":"<ul>\n<li>Yukar\u0131daki fiyat filtresiz ve tek par\u00e7a davlumbaz i\u00e7indir.<\/li>\n<li><strong>304 kalite<\/strong> paslanmaz \u00e7elik sac ve profilden imal etmekteyiz.<\/li>\n<li>Yemekhane ve fabrika gibi b\u00fcy\u00fck alanlarda kullan\u0131l\u0131r.<\/li>\n<li>M\u00fc\u015fteri iste\u011fine g\u00f6re <strong>filtreli veya filtresiz<\/strong> olarak \u00fcretmekteyiz.<\/li>\n<li>Sac kal\u0131nl\u0131\u011f\u0131 1 mm&#8217;dir.<\/li>\n<li>Fiyat almak i\u00e7in <strong><a href=\"https:\/\/www.celebimutfak.com\/index.php\/iletisim\/\" target=\"_blank\" rel=\"noopener\">\u0130LET\u0130\u015e\u0130M<\/a><\/strong><\/li>\n<li>\u00d6zel \u00f6l\u00e7\u00fclerde \u00fcretmekteyiz.<\/li>\n<\/ul>\n","protected":false},"featured_media":1458,"comment_status":"open","ping_status":"closed","template":"","meta":{"site-sidebar-layout":"default","site-content-layout":"default","ast-site-content-layout":"","site-content-style":"default","site-sidebar-style":"default","ast-global-header-display":"","ast-banner-title-visibility":"","ast-main-header-display":"","ast-hfb-above-header-display":"","ast-hfb-below-header-display":"","ast-hfb-mobile-header-display":"","site-post-title":"","ast-breadcrumbs-content":"","ast-featured-img":"","footer-sml-layout":"","theme-transparent-header-meta":"default","adv-header-id-meta":"","stick-header-meta":"","header-above-stick-meta":"","header-main-stick-meta":"","header-below-stick-meta":"","astra-migrate-meta-layouts":"default","ast-page-background-enabled":"default","ast-page-background-meta":{"desktop":{"background-color":"var(--ast-global-color-4)","background-image":"","background-repeat":"repeat","background-position":"center center","background-size":"auto","background-attachment":"scroll","background-type":"","background-media":"","overlay-type":"","overlay-color":"","overlay-opacity":"","overlay-gradient":""},"tablet":{"background-color":"","background-image":"","background-repeat":"repeat","background-position":"center center","background-size":"auto","background-attachment":"scroll","background-type":"","background-media":"","overlay-type":"","overlay-color":"","overlay-opacity":"","overlay-gradient":""},"mobile":{"background-color":"","background-image":"","background-repeat":"repeat","background-position":"center center","background-size":"auto","background-attachment":"scroll","background-type":"","background-media":"","overlay-type":"","overlay-color":"","overlay-opacity":"","overlay-gradient":""}},"ast-content-background-meta":{"desktop":{"background-color":"var(--ast-global-color-5)","background-image":"","background-repeat":"repeat","background-position":"center center","background-size":"auto","background-attachment":"scroll","background-type":"","background-media":"","overlay-type":"","overlay-color":"","overlay-opacity":"","overlay-gradient":""},"tablet":{"background-color":"var(--ast-global-color-5)","background-image":"","background-repeat":"repeat","background-position":"center center","background-size":"auto","background-attachment":"scroll","background-type":"","background-media":"","overlay-type":"","overlay-color":"","overlay-opacity":"","overlay-gradient":""},"mobile":{"background-color":"var(--ast-global-color-5)","background-image":"","background-repeat":"repeat","background-position":"center center","background-size":"auto","background-attachment":"scroll","background-type":"","background-media":"","overlay-type":"","overlay-color":"","overlay-opacity":"","overlay-gradient":""}}},"product_cat":[13],"product_tag":[],"_links":{"self":[{"href":"https:\/\/www.celebimutfak.com\/index.php\/wp-json\/wp\/v2\/product\/1457"}],"collection":[{"href":"https:\/\/www.celebimutfak.com\/index.php\/wp-json\/wp\/v2\/product"}],"about":[{"href":"https:\/\/www.celebimutfak.com\/index.php\/wp-json\/wp\/v2\/types\/product"}],"replies":[{"embeddable":true,"href":"https:\/\/www.celebimutfak.com\/index.php\/wp-json\/wp\/v2\/comments?post=1457"}],"wp:featuredmedia":[{"embeddable":true,"href":"https:\/\/www.celebimutfak.com\/index.php\/wp-json\/wp\/v2\/media\/1458"}],"wp:attachment":[{"href":"https:\/\/www.celebimutfak.com\/index.php\/wp-json\/wp\/v2\/media?parent=1457"}],"wp:term":[{"taxonomy":"product_cat","embeddable":true,"href":"https:\/\/www.celebimutfak.com\/index.php\/wp-json\/wp\/v2\/product_cat?post=1457"},{"taxonomy":"product_tag","embeddable":true,"href":"https:\/\/www.celebimutfak.com\/index.php\/wp-json\/wp\/v2\/product_tag?post=1457"}],"curies":[{"name":"wp","href":"https:\/\/api.w.org\/{rel}","templated":true}]}}