{"id":1324,"date":"2021-08-16T14:57:36","date_gmt":"2021-08-16T11:57:36","guid":{"rendered":"https:\/\/www.celebimutfak.com\/?post_type=product&#038;p=1324"},"modified":"2026-04-05T10:00:14","modified_gmt":"2026-04-05T07:00:14","slug":"tekerlekli-profesyonel-barbeku-mangal","status":"publish","type":"product","link":"https:\/\/www.celebimutfak.com\/index.php\/urun\/tekerlekli-profesyonel-barbeku-mangal\/","title":{"rendered":"Tekerlekli Profesyonel Barbek\u00fc Mangal"},"content":{"rendered":"<p><strong>Profesyonel tekerlekli Barbek\u00fc modelleri<\/strong> \u00c7elebi End\u00fcstriyel Mutfak taraf\u0131ndan \u00fcretilmektedir. M\u00fc\u015fterilerimizin ihtiya\u00e7lar\u0131 ve istekleri do\u011frultusunda \u00f6zel olarak imal etmekteyiz. Her t\u00fcrl\u00fc et pi\u015firmek i\u00e7in kullanabilirsiniz.<\/p>\n<h2>Krom Barbek\u00fc Mangal<\/h2>\n<p>Firmam\u0131z\u0131n \u00fcretti\u011fi t\u00fcm mangallar uzun y\u0131llar paslanmaya kar\u015f\u0131 dayan\u0131kl\u0131d\u0131r. Bu \u00f6zelli\u011fi sayesinde bah\u00e7e gibi d\u0131\u015f alanlarda istedi\u011finiz gibi kullanabilirsiniz. Mangal modellerimizin <strong>d\u0131\u015f iskeletini komple 304 kalite paslanmaz \u00e7elik(krom)<\/strong> malzemeden \u00fcretiyoruz. B\u00f6ylece <strong>bah\u00e7e mangal\u0131<\/strong> olarak piyasada \u00fcretilen bir \u00e7ok Barbek\u00fc ve mangaldan daha <strong>uzun \u00f6m\u00fcrl\u00fc<\/strong> olmaktad\u0131r.<\/p>\n<h3>Et yap\u0131\u015fmayan \u0131zgara<\/h3>\n<p>Resimde g\u00f6rd\u00fc\u011f\u00fcn\u00fcz et \u0131zgaras\u0131n\u0131n<strong> d\u0131\u015f \u00e7er\u00e7evesi paslanmaz profildir<\/strong> ancak \u0131zgara \u00e7ubuklar\u0131 paslanmaz(krom) de\u011fildir. Krom \u0131zgaralara et yap\u0131\u015ft\u0131\u011f\u0131 i\u00e7in siyah demir tercih etmekteyiz. Izgaray\u0131 do\u011frudan y\u0131kamad\u0131\u011f\u0131n\u0131z s\u00fcrece hi\u00e7bir problem olmayacakt\u0131r. Izgaray\u0131 ve k\u00f6m\u00fcr havuzunu \u00e7\u0131kar\u0131p, mangal g\u00f6vdesini komple y\u0131kayabilirsiniz.<\/p>\n<h3>Tekerlekli ve frenli barbek\u00fc iskeleti<\/h3>\n<p>Resimde g\u00f6rd\u00fc\u011f\u00fcn\u00fcz barbek\u00fc modelini toplamda 3 par\u00e7adan imal ediyoruz. Bu 3 par\u00e7a: <strong>iskelet<\/strong>, <strong>k\u00f6m\u00fcr havuzu<\/strong> ve <strong>\u0131zgarad\u0131r<\/strong>. Her par\u00e7a rahatl\u0131kla s\u00f6k\u00fcl\u00fcp demonte edilebilir. \u0130skelette sanayi tipi kal\u0131n tekerlek kullanmaktay\u0131z. Bu <strong>tekerleklerin 2 tanesi frenlidir<\/strong>. Bu sayede istedi\u011finiz yere kolayl\u0131kla ta\u015f\u0131yabilirsiniz.<\/p>\n<h3>Ne kadar et pi\u015firir?<\/h3>\n<p>\u00dcretimini yapt\u0131\u011f\u0131m\u0131z barbek\u00fc modelleri kalabal\u0131k cemiyetler i\u00e7in idealdir. Resimde g\u00f6rm\u00fc\u015f oldu\u011funuz barbek\u00fcn\u00fcn \u00fczerine bulunan \u0131zgaray\u0131 genellikle 70*45 cm ebatlar\u0131nda \u00fcretmekteyiz. <strong>M\u00fc\u015fteri iste\u011fine g\u00f6re farkl\u0131 \u00f6l\u00e7\u00fclerde \u00fcretim yapmaktay\u0131z.<\/strong> Bu ebatlardaki bir \u0131zgara tek seferde <strong>20-30 ki\u015fiye<\/strong> kadar pi\u015firme yapabilir. Tabi ki\u015fi say\u0131s\u0131, et pi\u015firen ki\u015fiye g\u00f6re de\u011fi\u015febilir. H\u0131zl\u0131 pi\u015firme yapan birisi daha fazla ki\u015fiye et pi\u015firebilir.<\/p>\n<p>Daha b\u00fcy\u00fck mangal modellerimize bakmak i\u00e7in: <strong><a href=\"https:\/\/www.celebimutfak.com\/index.php\/urun\/paslanmaz-tekerlekli-izgara-mangal\/\" target=\"_blank\" rel=\"noopener\">B\u00dcY\u00dcK MANGAL MODELLER\u0130<\/a><\/strong><\/p>\n<h3>Pi\u015firme bittikten sonra temizli\u011fi nas\u0131l olur?<\/h3>\n<p>\u00dcr\u00fcn\u00fcm\u00fcz\u00fcn 3. resminde demonte hali g\u00f6sterilmi\u015ftir. Pi\u015firme i\u015flemi bittikten sonra i\u00e7indeki <strong>k\u00f6m\u00fcr havuzunu<\/strong> \u00e7\u0131kar\u0131p bo\u015faltabilirsiniz veya havuzu \u00e7\u0131karmadan ufak bir k\u00fcrek yard\u0131m\u0131yla i\u00e7indeki k\u00fclleri bo\u015faltabilirsiniz.<\/p>\n<h4>Barbek\u00fc nas\u0131l y\u0131kan\u0131r?<\/h4>\n<p>Barbek\u00fcy\u00fc y\u0131kamak isterseniz <strong>\u0131zgara ve k\u00f6m\u00fcr havuzunu \u00e7\u0131kar\u0131n\u0131z<\/strong>. Daha sonra g\u00f6vdeyi istedi\u011finiz gibi y\u0131kayabilirsiniz. K\u00f6m\u00fcr havuzu ve \u0131zgara \u00e7ubuklar\u0131na su de\u011fmemesi gerekir. Ancak g\u00f6vde komple paslanmaz \u00e7elik oldu\u011fundan istendi\u011fi gibi y\u0131kanabilir.<\/p>\n<h2>\u00d6zel \u00fcretim barbek\u00fc<\/h2>\n<p>E\u011fer resimdeki barbek\u00fcde ufak tefek de\u011fi\u015fiklikler talep ediyorsan\u0131z bizimle ileti\u015fime ge\u00e7ebilirsiniz. \u0130malattan \u00f6nce taleplerinizi belirtebilirsiniz, imalata uygun taleplerinizi yerine getirmekteyiz.<\/p>\n<p><strong><a href=\"https:\/\/www.celebimutfak.com\/index.php\/iletisim\/\" target=\"_blank\" rel=\"noopener\">\u0130LET\u0130\u015e\u0130M<\/a><\/strong><\/p>\n<p>&nbsp;<\/p>\n<p>&nbsp;<\/p>\n","protected":false},"excerpt":{"rendered":"<ul>\n<li>D\u0131\u015f kasas\u0131 ve ayaklar\u0131 304 kalite paslanmaz \u00e7eliktir(krom).<\/li>\n<li>Frenli tekerleklere sahiptir.<\/li>\n<li>K\u00f6m\u00fcr\u00fcn iyi yanmas\u0131 i\u00e7in hava delikleri mevcuttur.<\/li>\n<li>Ya\u011flar d\u0131\u015far\u0131 akmaz, i\u00e7indeki k\u00f6m\u00fcr havuzuna akar.<\/li>\n<li>Detayl\u0131 bilgi ve sipari\u015f i\u00e7in : <strong><em><a href=\"https:\/\/www.celebimutfak.com\/index.php\/iletisim\/\" target=\"_blank\" rel=\"noopener\">\u0130LET\u0130\u015e\u0130M<\/a><\/em><\/strong><\/li>\n<\/ul>\n","protected":false},"featured_media":1328,"comment_status":"open","ping_status":"closed","template":"","meta":{"site-sidebar-layout":"default","site-content-layout":"default","ast-site-content-layout":"","site-content-style":"default","site-sidebar-style":"default","ast-global-header-display":"","ast-banner-title-visibility":"","ast-main-header-display":"","ast-hfb-above-header-display":"","ast-hfb-below-header-display":"","ast-hfb-mobile-header-display":"","site-post-title":"","ast-breadcrumbs-content":"","ast-featured-img":"","footer-sml-layout":"","theme-transparent-header-meta":"default","adv-header-id-meta":"","stick-header-meta":"","header-above-stick-meta":"","header-main-stick-meta":"","header-below-stick-meta":"","astra-migrate-meta-layouts":"default","ast-page-background-enabled":"default","ast-page-background-meta":{"desktop":{"background-color":"var(--ast-global-color-4)","background-image":"","background-repeat":"repeat","background-position":"center center","background-size":"auto","background-attachment":"scroll","background-type":"","background-media":"","overlay-type":"","overlay-color":"","overlay-opacity":"","overlay-gradient":""},"tablet":{"background-color":"","background-image":"","background-repeat":"repeat","background-position":"center center","background-size":"auto","background-attachment":"scroll","background-type":"","background-media":"","overlay-type":"","overlay-color":"","overlay-opacity":"","overlay-gradient":""},"mobile":{"background-color":"","background-image":"","background-repeat":"repeat","background-position":"center center","background-size":"auto","background-attachment":"scroll","background-type":"","background-media":"","overlay-type":"","overlay-color":"","overlay-opacity":"","overlay-gradient":""}},"ast-content-background-meta":{"desktop":{"background-color":"var(--ast-global-color-5)","background-image":"","background-repeat":"repeat","background-position":"center center","background-size":"auto","background-attachment":"scroll","background-type":"","background-media":"","overlay-type":"","overlay-color":"","overlay-opacity":"","overlay-gradient":""},"tablet":{"background-color":"var(--ast-global-color-5)","background-image":"","background-repeat":"repeat","background-position":"center center","background-size":"auto","background-attachment":"scroll","background-type":"","background-media":"","overlay-type":"","overlay-color":"","overlay-opacity":"","overlay-gradient":""},"mobile":{"background-color":"var(--ast-global-color-5)","background-image":"","background-repeat":"repeat","background-position":"center center","background-size":"auto","background-attachment":"scroll","background-type":"","background-media":"","overlay-type":"","overlay-color":"","overlay-opacity":"","overlay-gradient":""}}},"product_cat":[276],"product_tag":[],"_links":{"self":[{"href":"https:\/\/www.celebimutfak.com\/index.php\/wp-json\/wp\/v2\/product\/1324"}],"collection":[{"href":"https:\/\/www.celebimutfak.com\/index.php\/wp-json\/wp\/v2\/product"}],"about":[{"href":"https:\/\/www.celebimutfak.com\/index.php\/wp-json\/wp\/v2\/types\/product"}],"replies":[{"embeddable":true,"href":"https:\/\/www.celebimutfak.com\/index.php\/wp-json\/wp\/v2\/comments?post=1324"}],"wp:featuredmedia":[{"embeddable":true,"href":"https:\/\/www.celebimutfak.com\/index.php\/wp-json\/wp\/v2\/media\/1328"}],"wp:attachment":[{"href":"https:\/\/www.celebimutfak.com\/index.php\/wp-json\/wp\/v2\/media?parent=1324"}],"wp:term":[{"taxonomy":"product_cat","embeddable":true,"href":"https:\/\/www.celebimutfak.com\/index.php\/wp-json\/wp\/v2\/product_cat?post=1324"},{"taxonomy":"product_tag","embeddable":true,"href":"https:\/\/www.celebimutfak.com\/index.php\/wp-json\/wp\/v2\/product_tag?post=1324"}],"curies":[{"name":"wp","href":"https:\/\/api.w.org\/{rel}","templated":true}]}}