{"id":126,"date":"2016-06-26T01:48:28","date_gmt":"2016-06-25T22:48:28","guid":{"rendered":"http:\/\/www.celebimutfak.com\/?post_type=product&#038;p=126"},"modified":"2022-11-28T14:14:41","modified_gmt":"2022-11-28T11:14:41","slug":"tepsi-arabasi-kapali-tekli","status":"publish","type":"product","link":"https:\/\/www.celebimutfak.com\/index.php\/urun\/tepsi-arabasi-kapali-tekli\/","title":{"rendered":"Tepsi Arabas\u0131 &#8211; Kapal\u0131"},"content":{"rendered":"<h3>Tek S\u0131ra Tepsi Arabas\u0131<\/h3>\n<p>Tepsi \u00f6l\u00e7\u00fcs\u00fcne g\u00f6re imal ediyoruz. komple 304 kalite krom sacdan ve profilden \u00fcretmekteyiz. Profil \u00f6l\u00e7\u00fcleri 25*25 mm&#8217;dir. Tepsi raflar\u0131n\u0131n saclar\u0131 1.2 mm kal\u0131nl\u0131\u011f\u0131ndad\u0131r.<\/p>\n<p>Tepsi raflar\u0131n\u0131 komple kaynak yapmaktay\u0131z. Bu sayede tepsi raflar\u0131 daha uzun \u00f6m\u00fcrl\u00fc olmaktad\u0131r. Firmam\u0131z end\u00fcstriyel mutfak malzemeleri imalat\u00e7\u0131s\u0131 firmad\u0131r. Her \u00f6l\u00e7\u00fc ve modelde tepsi arabas\u0131 ve di\u011fer mutfak tezgahlar\u0131n\u0131 \u00fcretmektedir.<\/p>\n","protected":false},"excerpt":{"rendered":"<ul>\n<li>Tamam 304 kalite paslanmazdan imal<\/li>\n<li>\u0130stenilen \u00f6l\u00e7\u00fclerde \u00fcretim<\/li>\n<li>Resimdeki gibi etraf\u0131 kapal\u0131 veya a\u00e7\u0131k olabilir.<\/li>\n<li>25*25 mm profil g\u00f6vdelidir.<\/li>\n<li>Tepsi raflar\u0131 1.2 mm kal\u0131nl\u0131\u011f\u0131nda 304 kalite sacd\u0131r.<\/li>\n<li><strong><a href=\"https:\/\/www.celebimutfak.com\/index.php\/iletisim\/\" target=\"_blank\" rel=\"noopener\">\u0130LET\u0130\u015e\u0130M<\/a><\/strong><\/li>\n<\/ul>\n","protected":false},"featured_media":127,"comment_status":"open","ping_status":"closed","template":"","meta":{"site-sidebar-layout":"default","site-content-layout":"default","ast-site-content-layout":"","site-content-style":"default","site-sidebar-style":"default","ast-global-header-display":"","ast-banner-title-visibility":"","ast-main-header-display":"","ast-hfb-above-header-display":"","ast-hfb-below-header-display":"","ast-hfb-mobile-header-display":"","site-post-title":"","ast-breadcrumbs-content":"","ast-featured-img":"","footer-sml-layout":"","theme-transparent-header-meta":"default","adv-header-id-meta":"","stick-header-meta":"","header-above-stick-meta":"","header-main-stick-meta":"","header-below-stick-meta":"","astra-migrate-meta-layouts":"default","ast-page-background-enabled":"default","ast-page-background-meta":{"desktop":{"background-color":"var(--ast-global-color-4)","background-image":"","background-repeat":"repeat","background-position":"center center","background-size":"auto","background-attachment":"scroll","background-type":"","background-media":"","overlay-type":"","overlay-color":"","overlay-opacity":"","overlay-gradient":""},"tablet":{"background-color":"","background-image":"","background-repeat":"repeat","background-position":"center center","background-size":"auto","background-attachment":"scroll","background-type":"","background-media":"","overlay-type":"","overlay-color":"","overlay-opacity":"","overlay-gradient":""},"mobile":{"background-color":"","background-image":"","background-repeat":"repeat","background-position":"center center","background-size":"auto","background-attachment":"scroll","background-type":"","background-media":"","overlay-type":"","overlay-color":"","overlay-opacity":"","overlay-gradient":""}},"ast-content-background-meta":{"desktop":{"background-color":"var(--ast-global-color-5)","background-image":"","background-repeat":"repeat","background-position":"center center","background-size":"auto","background-attachment":"scroll","background-type":"","background-media":"","overlay-type":"","overlay-color":"","overlay-opacity":"","overlay-gradient":""},"tablet":{"background-color":"var(--ast-global-color-5)","background-image":"","background-repeat":"repeat","background-position":"center center","background-size":"auto","background-attachment":"scroll","background-type":"","background-media":"","overlay-type":"","overlay-color":"","overlay-opacity":"","overlay-gradient":""},"mobile":{"background-color":"var(--ast-global-color-5)","background-image":"","background-repeat":"repeat","background-position":"center center","background-size":"auto","background-attachment":"scroll","background-type":"","background-media":"","overlay-type":"","overlay-color":"","overlay-opacity":"","overlay-gradient":""}}},"product_cat":[52],"product_tag":[],"_links":{"self":[{"href":"https:\/\/www.celebimutfak.com\/index.php\/wp-json\/wp\/v2\/product\/126"}],"collection":[{"href":"https:\/\/www.celebimutfak.com\/index.php\/wp-json\/wp\/v2\/product"}],"about":[{"href":"https:\/\/www.celebimutfak.com\/index.php\/wp-json\/wp\/v2\/types\/product"}],"replies":[{"embeddable":true,"href":"https:\/\/www.celebimutfak.com\/index.php\/wp-json\/wp\/v2\/comments?post=126"}],"wp:featuredmedia":[{"embeddable":true,"href":"https:\/\/www.celebimutfak.com\/index.php\/wp-json\/wp\/v2\/media\/127"}],"wp:attachment":[{"href":"https:\/\/www.celebimutfak.com\/index.php\/wp-json\/wp\/v2\/media?parent=126"}],"wp:term":[{"taxonomy":"product_cat","embeddable":true,"href":"https:\/\/www.celebimutfak.com\/index.php\/wp-json\/wp\/v2\/product_cat?post=126"},{"taxonomy":"product_tag","embeddable":true,"href":"https:\/\/www.celebimutfak.com\/index.php\/wp-json\/wp\/v2\/product_tag?post=126"}],"curies":[{"name":"wp","href":"https:\/\/api.w.org\/{rel}","templated":true}]}}