{"id":1251,"date":"2021-04-27T15:08:37","date_gmt":"2021-04-27T12:08:37","guid":{"rendered":"https:\/\/www.celebimutfak.com\/?post_type=product&#038;p=1251"},"modified":"2022-04-04T03:36:15","modified_gmt":"2022-04-04T00:36:15","slug":"bulasik-makinesi-cikis-tezgahi-paslanmaz","status":"publish","type":"product","link":"https:\/\/www.celebimutfak.com\/index.php\/urun\/bulasik-makinesi-cikis-tezgahi-paslanmaz\/","title":{"rendered":"Makine \u00c7\u0131k\u0131\u015f Tezgah\u0131 &#8211; Paslanmaz \u00c7elik"},"content":{"rendered":"<h2>Bula\u015f\u0131k Makinesi Tezgah\u0131<\/h2>\n<p>Yemekhanelerde bula\u015f\u0131k makinesinin giri\u015f ve \u00e7\u0131k\u0131\u015flar\u0131nda tezgahlar bulunur. Bu tezgahlara makine giri\u015f \u00e7\u0131k\u0131\u015f tezgahlar\u0131 denir. Makine tezgahlar\u0131; <strong>d\u00fcz tablal\u0131<\/strong> veya <strong>eviyeli<\/strong> olarak imal edilebilir. Bu tezgahlar\u0131n \u00fcst tablas\u0131 2 cm \u00e7ukur olarak \u00fcretilir, bu sayede su ta\u015fmas\u0131 engellenmi\u015f olur. Firmam\u0131z bu tip tezgahlar\u0131 her \u00f6l\u00e7\u00fc ve modelde imal etmektedir.<\/p>\n<h2>Bula\u015f\u0131k Makinesi \u00c7\u0131k\u0131\u015f Tezgah\u0131 \u00d6l\u00e7\u00fcleri<\/h2>\n<p>Makine tezgahlar\u0131n\u0131n geni\u015flikleri, kullan\u0131lacak makinelerin geni\u015flik \u00f6l\u00e7\u00fcs\u00fcne g\u00f6re \u00fcretilir. Uzunluk \u00f6l\u00e7\u00fcs\u00fc ise 100 cm ile 190 cm aras\u0131nda m\u00fc\u015fteri iste\u011fine g\u00f6re imal edilir. Y\u00fckseklik \u00f6l\u00e7\u00fcs\u00fc yine makine ile uyumlu olarak \u00fcretilir, hassas y\u00fckseklik ayar\u0131 yapmak rotil ayak kullan\u0131l\u0131r. Bu ayaklar profilin i\u00e7ine ge\u00e7er.<\/p>\n<p><em><strong><a href=\"https:\/\/www.celebimutfak.com\/index.php\/urun\/bulasik-giris-cikis-tezgahi-eviye\/\" target=\"_blank\" rel=\"noopener\">Eviyeli makine giri\u015f \u00e7\u0131k\u0131\u015f tezgah\u0131<\/a><\/strong><\/em><\/p>\n<h3>Yemekhane Ekipmanlar\u0131<\/h3>\n<p>Firmam\u0131z yemekhane mutfak ekipmanlar\u0131 imalat\u0131 yapmaktad\u0131r. B\u00fcy\u00fck yemekhane, fabrika, restoran mutfak ekipmanlar\u0131n\u0131n \u00fcretimini 20 y\u0131l\u0131 a\u015fk\u0131n tecr\u00fcbemizle yapmaktay\u0131z.<\/p>\n<p>Pi\u015firme ekipmanlar\u0131, so\u011futma \u00fcr\u00fcnleri, servis tezgahlar\u0131 gibi bir\u00e7ok alanda \u00fcretimimiz mevcuttur. <a href=\"https:\/\/www.celebimutfak.com\/index.php\/2021\/02\/14\/yemekhane-mutfagi-malzeme-listesi\/\" target=\"_blank\" rel=\"noopener\">End\u00fcstriyel Mutfak Malzemeleri<\/a><\/p>\n<p>&nbsp;<\/p>\n","protected":false},"excerpt":{"rendered":"<ul>\n<li>Sanayi tipi bula\u015f\u0131k makineleriyle uyumludur.<\/li>\n<li>304 kalite paslanmaz \u00e7elik sac ve profilden imal edilir.<\/li>\n<li>\u00dcst tablas\u0131 1,2 veya 1,5 mm sacdan \u00fcretilir.<\/li>\n<li>Uzunluk \u00f6l\u00e7\u00fcs\u00fc iste\u011fe ba\u011fl\u0131d\u0131r.<\/li>\n<li><a href=\"https:\/\/www.celebimutfak.com\/index.php\/iletisim\/\" target=\"_blank\" rel=\"noopener\">\u0130leti\u015fim<\/a><\/li>\n<\/ul>\n","protected":false},"featured_media":1252,"comment_status":"open","ping_status":"closed","template":"","meta":{"site-sidebar-layout":"default","site-content-layout":"default","ast-site-content-layout":"","site-content-style":"default","site-sidebar-style":"default","ast-global-header-display":"","ast-banner-title-visibility":"","ast-main-header-display":"","ast-hfb-above-header-display":"","ast-hfb-below-header-display":"","ast-hfb-mobile-header-display":"","site-post-title":"","ast-breadcrumbs-content":"","ast-featured-img":"","footer-sml-layout":"","theme-transparent-header-meta":"default","adv-header-id-meta":"","stick-header-meta":"","header-above-stick-meta":"","header-main-stick-meta":"","header-below-stick-meta":"","astra-migrate-meta-layouts":"default","ast-page-background-enabled":"default","ast-page-background-meta":{"desktop":{"background-color":"var(--ast-global-color-4)","background-image":"","background-repeat":"repeat","background-position":"center center","background-size":"auto","background-attachment":"scroll","background-type":"","background-media":"","overlay-type":"","overlay-color":"","overlay-opacity":"","overlay-gradient":""},"tablet":{"background-color":"","background-image":"","background-repeat":"repeat","background-position":"center center","background-size":"auto","background-attachment":"scroll","background-type":"","background-media":"","overlay-type":"","overlay-color":"","overlay-opacity":"","overlay-gradient":""},"mobile":{"background-color":"","background-image":"","background-repeat":"repeat","background-position":"center center","background-size":"auto","background-attachment":"scroll","background-type":"","background-media":"","overlay-type":"","overlay-color":"","overlay-opacity":"","overlay-gradient":""}},"ast-content-background-meta":{"desktop":{"background-color":"var(--ast-global-color-5)","background-image":"","background-repeat":"repeat","background-position":"center center","background-size":"auto","background-attachment":"scroll","background-type":"","background-media":"","overlay-type":"","overlay-color":"","overlay-opacity":"","overlay-gradient":""},"tablet":{"background-color":"var(--ast-global-color-5)","background-image":"","background-repeat":"repeat","background-position":"center center","background-size":"auto","background-attachment":"scroll","background-type":"","background-media":"","overlay-type":"","overlay-color":"","overlay-opacity":"","overlay-gradient":""},"mobile":{"background-color":"var(--ast-global-color-5)","background-image":"","background-repeat":"repeat","background-position":"center center","background-size":"auto","background-attachment":"scroll","background-type":"","background-media":"","overlay-type":"","overlay-color":"","overlay-opacity":"","overlay-gradient":""}}},"product_cat":[199,11,93],"product_tag":[],"_links":{"self":[{"href":"https:\/\/www.celebimutfak.com\/index.php\/wp-json\/wp\/v2\/product\/1251"}],"collection":[{"href":"https:\/\/www.celebimutfak.com\/index.php\/wp-json\/wp\/v2\/product"}],"about":[{"href":"https:\/\/www.celebimutfak.com\/index.php\/wp-json\/wp\/v2\/types\/product"}],"replies":[{"embeddable":true,"href":"https:\/\/www.celebimutfak.com\/index.php\/wp-json\/wp\/v2\/comments?post=1251"}],"wp:featuredmedia":[{"embeddable":true,"href":"https:\/\/www.celebimutfak.com\/index.php\/wp-json\/wp\/v2\/media\/1252"}],"wp:attachment":[{"href":"https:\/\/www.celebimutfak.com\/index.php\/wp-json\/wp\/v2\/media?parent=1251"}],"wp:term":[{"taxonomy":"product_cat","embeddable":true,"href":"https:\/\/www.celebimutfak.com\/index.php\/wp-json\/wp\/v2\/product_cat?post=1251"},{"taxonomy":"product_tag","embeddable":true,"href":"https:\/\/www.celebimutfak.com\/index.php\/wp-json\/wp\/v2\/product_tag?post=1251"}],"curies":[{"name":"wp","href":"https:\/\/api.w.org\/{rel}","templated":true}]}}