{"id":1249,"date":"2021-04-27T04:24:07","date_gmt":"2021-04-27T01:24:07","guid":{"rendered":"https:\/\/www.celebimutfak.com\/?post_type=product&#038;p=1249"},"modified":"2022-04-08T18:09:23","modified_gmt":"2022-04-08T15:09:23","slug":"mangal-davlumbazi-krom-paslanmaz","status":"publish","type":"product","link":"https:\/\/www.celebimutfak.com\/index.php\/urun\/mangal-davlumbazi-krom-paslanmaz\/","title":{"rendered":"Mangal Barbek\u00fc Davlumbaz\u0131"},"content":{"rendered":"<h2>Mangal Barbek\u00fc Davlumbaz\u0131 \u00d6l\u00e7\u00fcleri Nedir?<\/h2>\n<p>Genellikle 140 cm tezgahlar\u0131n \u00fczerine koyulur ancak standart bir \u00f6l\u00e7\u00fcs\u00fc yoktur. M\u00fc\u015fterilerin kullanaca\u011f\u0131 yerin ve mangal \u0131zgaran\u0131n \u00f6l\u00e7\u00fcs\u00fcne g\u00f6re imal edilir.<\/p>\n<h2>Nas\u0131l Temizlenir?<\/h2>\n<p>Ya\u011f s\u00f6k\u00fcc\u00fc ile temizlenebilir. \u0130\u015flem bittikten sonra bol su ile y\u0131kayabilirsiniz. Tamam\u0131 paslanmaz \u00e7elik oldu\u011fu i\u00e7in paslanmaz yapmaz.<\/p>\n<h2>Nerede Kullanabilirim?<\/h2>\n<p>\u00c7o\u011funlukla lokanta ve restoranlardaki mangallar\u0131n duman\u0131n\u0131 \u00e7ekmesi i\u00e7in tercih edilir. Bunun haricinde kapal\u0131 teras, bah\u00e7elerde kullan\u0131ma uygundur.<\/p>\n","protected":false},"excerpt":{"rendered":"<ul>\n<li>304 kalite paslanmaz \u00e7elik sacdan imal.<\/li>\n<li>\u00d6zel \u00f6l\u00e7\u00fclerde \u00fcretim.<\/li>\n<li>K\u00f6m\u00fcrl\u00fc ve gazl\u0131 mangala g\u00f6redir.<\/li>\n<li>T\u00fcrkiye&#8217;nin her \u015fehrine ambar ile g\u00f6nderim(ambar \u00fccreti m\u00fc\u015fteriye aittir).<\/li>\n<li><strong><a href=\"https:\/\/www.celebimutfak.com\/index.php\/iletisim\/\" target=\"_blank\" rel=\"noopener\">\u0130leti\u015fim<\/a><\/strong><\/li>\n<\/ul>\n","protected":false},"featured_media":1250,"comment_status":"open","ping_status":"closed","template":"","meta":{"site-sidebar-layout":"default","site-content-layout":"default","ast-site-content-layout":"","site-content-style":"default","site-sidebar-style":"default","ast-global-header-display":"","ast-banner-title-visibility":"","ast-main-header-display":"","ast-hfb-above-header-display":"","ast-hfb-below-header-display":"","ast-hfb-mobile-header-display":"","site-post-title":"","ast-breadcrumbs-content":"","ast-featured-img":"","footer-sml-layout":"","theme-transparent-header-meta":"default","adv-header-id-meta":"","stick-header-meta":"","header-above-stick-meta":"","header-main-stick-meta":"","header-below-stick-meta":"","astra-migrate-meta-layouts":"default","ast-page-background-enabled":"default","ast-page-background-meta":{"desktop":{"background-color":"var(--ast-global-color-4)","background-image":"","background-repeat":"repeat","background-position":"center center","background-size":"auto","background-attachment":"scroll","background-type":"","background-media":"","overlay-type":"","overlay-color":"","overlay-opacity":"","overlay-gradient":""},"tablet":{"background-color":"","background-image":"","background-repeat":"repeat","background-position":"center center","background-size":"auto","background-attachment":"scroll","background-type":"","background-media":"","overlay-type":"","overlay-color":"","overlay-opacity":"","overlay-gradient":""},"mobile":{"background-color":"","background-image":"","background-repeat":"repeat","background-position":"center center","background-size":"auto","background-attachment":"scroll","background-type":"","background-media":"","overlay-type":"","overlay-color":"","overlay-opacity":"","overlay-gradient":""}},"ast-content-background-meta":{"desktop":{"background-color":"var(--ast-global-color-5)","background-image":"","background-repeat":"repeat","background-position":"center center","background-size":"auto","background-attachment":"scroll","background-type":"","background-media":"","overlay-type":"","overlay-color":"","overlay-opacity":"","overlay-gradient":""},"tablet":{"background-color":"var(--ast-global-color-5)","background-image":"","background-repeat":"repeat","background-position":"center center","background-size":"auto","background-attachment":"scroll","background-type":"","background-media":"","overlay-type":"","overlay-color":"","overlay-opacity":"","overlay-gradient":""},"mobile":{"background-color":"var(--ast-global-color-5)","background-image":"","background-repeat":"repeat","background-position":"center center","background-size":"auto","background-attachment":"scroll","background-type":"","background-media":"","overlay-type":"","overlay-color":"","overlay-opacity":"","overlay-gradient":""}}},"product_cat":[13],"product_tag":[],"_links":{"self":[{"href":"https:\/\/www.celebimutfak.com\/index.php\/wp-json\/wp\/v2\/product\/1249"}],"collection":[{"href":"https:\/\/www.celebimutfak.com\/index.php\/wp-json\/wp\/v2\/product"}],"about":[{"href":"https:\/\/www.celebimutfak.com\/index.php\/wp-json\/wp\/v2\/types\/product"}],"replies":[{"embeddable":true,"href":"https:\/\/www.celebimutfak.com\/index.php\/wp-json\/wp\/v2\/comments?post=1249"}],"wp:featuredmedia":[{"embeddable":true,"href":"https:\/\/www.celebimutfak.com\/index.php\/wp-json\/wp\/v2\/media\/1250"}],"wp:attachment":[{"href":"https:\/\/www.celebimutfak.com\/index.php\/wp-json\/wp\/v2\/media?parent=1249"}],"wp:term":[{"taxonomy":"product_cat","embeddable":true,"href":"https:\/\/www.celebimutfak.com\/index.php\/wp-json\/wp\/v2\/product_cat?post=1249"},{"taxonomy":"product_tag","embeddable":true,"href":"https:\/\/www.celebimutfak.com\/index.php\/wp-json\/wp\/v2\/product_tag?post=1249"}],"curies":[{"name":"wp","href":"https:\/\/api.w.org\/{rel}","templated":true}]}}