{"id":1243,"date":"2021-04-14T19:02:07","date_gmt":"2021-04-14T16:02:07","guid":{"rendered":"https:\/\/www.celebimutfak.com\/?post_type=product&#038;p=1243"},"modified":"2026-04-05T10:00:56","modified_gmt":"2026-04-05T07:00:56","slug":"komurlu-mangal-tekerlekli","status":"publish","type":"product","link":"https:\/\/www.celebimutfak.com\/index.php\/urun\/komurlu-mangal-tekerlekli\/","title":{"rendered":"K\u00f6m\u00fcrl\u00fc Mangal &#8211; Tekerlekli"},"content":{"rendered":"<h2>Paslanmaz K\u00f6m\u00fcrl\u00fc Mangal Modelleri<\/h2>\n<p>Firmam\u0131z m\u00fc\u015fterilerin istedi\u011fi \u00f6l\u00e7\u00fc ve \u015fekillerde paslanmaz mangal \u00e7e\u015fitleri \u00fcretmektedir. \u00dcretti\u011fimiz mangallar uzun \u00f6m\u00fcrl\u00fc (20-30 y\u0131l) kullan\u0131ma uygundur. K\u00f6m\u00fcr havuzu ve \u0131zgara milleri y\u0131kan\u0131lmas\u0131 \u00f6nerilmez. Mangal\u0131n paslanmaz kasas\u0131 komple y\u0131kanabilir.<\/p>\n<p><a href=\"https:\/\/www.celebimutfak.com\/wp-content\/uploads\/2021\/04\/profesyonel-mangal-modelleri.jpg\"><img decoding=\"async\" class=\"aligncenter size-full wp-image-1580\" src=\"https:\/\/www.celebimutfak.com\/wp-content\/uploads\/2021\/04\/profesyonel-mangal-modelleri.jpg\" alt=\"Profesyonel k\u00f6m\u00fcrl\u00fc mangal modelleri\" width=\"621\" height=\"878\" srcset=\"https:\/\/www.celebimutfak.com\/wp-content\/uploads\/2021\/04\/profesyonel-mangal-modelleri.jpg 621w, https:\/\/www.celebimutfak.com\/wp-content\/uploads\/2021\/04\/profesyonel-mangal-modelleri-600x848.jpg 600w\" sizes=\"(max-width: 621px) 100vw, 621px\" \/><\/a><\/p>\n<h3>Tekerlekli Mangal Modelleri<\/h3>\n<p>Resimde g\u00f6r\u00fclen mangal frenli tekerleklere sahiptir. \u0130stenilen yere ta\u015f\u0131nabilir. Sabitlemek i\u00e7in tekerlek frenlerini kapatman\u0131z yeterlidir. Bu modelde istenilen \u00f6l\u00e7\u00fclerde(makul \u00f6l\u00e7\u00fclerde) \u00fcretim yapmaktay\u0131z.<\/p>\n<h3>Set \u00dcst\u00fc Mangal Modelleri<\/h3>\n<p>Tezgah \u00fczerinde kullanmak i\u00e7in \u00fcretimini yapt\u0131\u011f\u0131m\u0131z di\u011fer mangal modellerimiz mevcuttur : <a href=\"https:\/\/www.celebimutfak.com\/index.php\/urun\/tezgah-uzerisetustu-mangal-krom-mangal\/\" target=\"_blank\" rel=\"noopener\">Set \u00fcst\u00fc paslanmaz mangal<\/a><\/p>\n<p><a href=\"https:\/\/www.celebimutfak.com\/wp-content\/uploads\/2021\/04\/mangal-uyarilari-temizligi.jpg\"><img decoding=\"async\" class=\"aligncenter size-full wp-image-1581\" src=\"https:\/\/www.celebimutfak.com\/wp-content\/uploads\/2021\/04\/mangal-uyarilari-temizligi.jpg\" alt=\"K\u00f6m\u00fcrl\u00fc barbek\u00fc g\u00fcvenlik ve temizlik\" width=\"621\" height=\"878\" srcset=\"https:\/\/www.celebimutfak.com\/wp-content\/uploads\/2021\/04\/mangal-uyarilari-temizligi.jpg 621w, https:\/\/www.celebimutfak.com\/wp-content\/uploads\/2021\/04\/mangal-uyarilari-temizligi-600x848.jpg 600w\" sizes=\"(max-width: 621px) 100vw, 621px\" \/><\/a><\/p>\n<h2>\u0130leti\u015fim<\/h2>\n<p>Tel : 0224 361 38 99<\/p>\n<p>E-posta : <a href=\"mailto:info@celebimutfak.com\">info [@] celebimutfak.com<\/a><\/p>\n<p>Adres : Dua\u00e7\u0131nar\u0131 Mh. Orta Sk. No:5 Y\u0131ld\u0131r\u0131m\/BURSA<\/p>\n","protected":false},"excerpt":{"rendered":"<ul>\n<li>D\u0131\u015f kasas\u0131 komple <strong>304 kalite paslanmaz \u00e7elikt<\/strong>en imal edilmektedir.<\/li>\n<li>\u0130\u00e7indeki k\u00f6m\u00fcr havuzu dkp sacd\u0131r.<\/li>\n<li>\u00dcst \u0131zgara \u00e7evresi paslanmaz profil, i\u00e7indeki \u00e7ubuklar demir mildir.<\/li>\n<li>M\u00fc\u015fterinin istedi\u011fi \u00f6l\u00e7\u00fc ve \u015fekillerde \u00fcretilir.<\/li>\n<li>\u00dclkemizin her yerine g\u00f6nderim mevcuttur(ambar \u00fccreti m\u00fc\u015fteriye aittir).<\/li>\n<li><a href=\"https:\/\/www.celebimutfak.com\/index.php\/iletisim\/\" target=\"_blank\" rel=\"noopener\"><strong>\u0130LET\u0130\u015e\u0130M<\/strong><\/a><\/li>\n<\/ul>\n","protected":false},"featured_media":1244,"comment_status":"open","ping_status":"closed","template":"","meta":{"site-sidebar-layout":"default","site-content-layout":"default","ast-site-content-layout":"","site-content-style":"default","site-sidebar-style":"default","ast-global-header-display":"","ast-banner-title-visibility":"","ast-main-header-display":"","ast-hfb-above-header-display":"","ast-hfb-below-header-display":"","ast-hfb-mobile-header-display":"","site-post-title":"","ast-breadcrumbs-content":"","ast-featured-img":"","footer-sml-layout":"","theme-transparent-header-meta":"default","adv-header-id-meta":"","stick-header-meta":"","header-above-stick-meta":"","header-main-stick-meta":"","header-below-stick-meta":"","astra-migrate-meta-layouts":"default","ast-page-background-enabled":"default","ast-page-background-meta":{"desktop":{"background-color":"var(--ast-global-color-4)","background-image":"","background-repeat":"repeat","background-position":"center center","background-size":"auto","background-attachment":"scroll","background-type":"","background-media":"","overlay-type":"","overlay-color":"","overlay-opacity":"","overlay-gradient":""},"tablet":{"background-color":"","background-image":"","background-repeat":"repeat","background-position":"center center","background-size":"auto","background-attachment":"scroll","background-type":"","background-media":"","overlay-type":"","overlay-color":"","overlay-opacity":"","overlay-gradient":""},"mobile":{"background-color":"","background-image":"","background-repeat":"repeat","background-position":"center center","background-size":"auto","background-attachment":"scroll","background-type":"","background-media":"","overlay-type":"","overlay-color":"","overlay-opacity":"","overlay-gradient":""}},"ast-content-background-meta":{"desktop":{"background-color":"var(--ast-global-color-5)","background-image":"","background-repeat":"repeat","background-position":"center center","background-size":"auto","background-attachment":"scroll","background-type":"","background-media":"","overlay-type":"","overlay-color":"","overlay-opacity":"","overlay-gradient":""},"tablet":{"background-color":"var(--ast-global-color-5)","background-image":"","background-repeat":"repeat","background-position":"center center","background-size":"auto","background-attachment":"scroll","background-type":"","background-media":"","overlay-type":"","overlay-color":"","overlay-opacity":"","overlay-gradient":""},"mobile":{"background-color":"var(--ast-global-color-5)","background-image":"","background-repeat":"repeat","background-position":"center center","background-size":"auto","background-attachment":"scroll","background-type":"","background-media":"","overlay-type":"","overlay-color":"","overlay-opacity":"","overlay-gradient":""}}},"product_cat":[276],"product_tag":[],"_links":{"self":[{"href":"https:\/\/www.celebimutfak.com\/index.php\/wp-json\/wp\/v2\/product\/1243"}],"collection":[{"href":"https:\/\/www.celebimutfak.com\/index.php\/wp-json\/wp\/v2\/product"}],"about":[{"href":"https:\/\/www.celebimutfak.com\/index.php\/wp-json\/wp\/v2\/types\/product"}],"replies":[{"embeddable":true,"href":"https:\/\/www.celebimutfak.com\/index.php\/wp-json\/wp\/v2\/comments?post=1243"}],"wp:featuredmedia":[{"embeddable":true,"href":"https:\/\/www.celebimutfak.com\/index.php\/wp-json\/wp\/v2\/media\/1244"}],"wp:attachment":[{"href":"https:\/\/www.celebimutfak.com\/index.php\/wp-json\/wp\/v2\/media?parent=1243"}],"wp:term":[{"taxonomy":"product_cat","embeddable":true,"href":"https:\/\/www.celebimutfak.com\/index.php\/wp-json\/wp\/v2\/product_cat?post=1243"},{"taxonomy":"product_tag","embeddable":true,"href":"https:\/\/www.celebimutfak.com\/index.php\/wp-json\/wp\/v2\/product_tag?post=1243"}],"curies":[{"name":"wp","href":"https:\/\/api.w.org\/{rel}","templated":true}]}}