{"id":1223,"date":"2021-03-14T12:58:59","date_gmt":"2021-03-14T09:58:59","guid":{"rendered":"https:\/\/www.celebimutfak.com\/?post_type=product&#038;p=1223"},"modified":"2026-04-05T10:01:17","modified_gmt":"2026-04-05T07:01:17","slug":"tezgah-uzerisetustu-mangal-krom-mangal","status":"publish","type":"product","link":"https:\/\/www.celebimutfak.com\/index.php\/urun\/tezgah-uzerisetustu-mangal-krom-mangal\/","title":{"rendered":"Tezgah \u00dczeri(set\u00fcst\u00fc) Mangal &#8211; Krom Mangal"},"content":{"rendered":"<h2>Profesyonel Mangal Modelleri<\/h2>\n<p>Firmam\u0131z her amaca uygun <strong>k\u00f6m\u00fcrl\u00fc paslanmaz mangal modelleri<\/strong> imal etmektedir. 304 kalite paslanmaz \u00e7elik sacdan d\u0131\u015f g\u00f6vdesi \u00fcretilir. \u0130\u00e7inde k\u00f6m\u00fcr yanmas\u0131n\u0131 sa\u011flayan dkp sacdan bir k\u00f6m\u00fcr havuzu vard\u0131r. \u00dcst \u0131zgaran\u0131n d\u0131\u015f \u00e7er\u00e7evesi 20*20 mm paslanmaz \u00e7elik profildir. Izgara \u00e7ubuklar\u0131(milleri) siyah mildir.<\/p>\n<h3>Paslanmaz \u00e7eli\u011fe et yap\u0131\u015f\u0131r m\u0131?<\/h3>\n<p>Mangallar\u0131m\u0131z\u0131n et ile temas eden \u0131zgara k\u0131sm\u0131nda demir mil(\u00e7ubuk) kullan\u0131l\u0131r. Bunun sebebi et yap\u0131\u015fmas\u0131n\u0131n \u00f6n\u00fcne ge\u00e7mektedir. Izgaralar paslanmaz \u00e7elikten imal edilirse pi\u015fen etler yap\u0131\u015facakt\u0131r bu sebeple demir milden \u00fcretmekteyiz.<\/p>\n<h3>Paslanmaz yanar m\u0131?<\/h3>\n<p>Paslanmaz \u00e7elik sac malzeme t\u00fcr\u00fc olarak sert bir malzemedir. Atomlar\u0131n\u0131n aras\u0131ndaki bo\u015fluk k\u00fc\u00e7\u00fckt\u00fcr. Do\u011frudan ate\u015fe veya benzeri s\u0131cakl\u0131\u011fa maruz kald\u0131\u011f\u0131 durumlarda atomlar hareket alan\u0131 bulamaz. Bu sebeple sac\u0131n \u015fekli de\u011fi\u015fime girer(e\u011filip b\u00fck\u00fcl\u00fcr). Yani k\u0131sacas\u0131 paslanmaz \u00e7elik do\u011frudan ate\u015fe maruz kal\u0131rsa sac\u0131n \u015fekli de\u011fi\u015fir(bozulur). Bu sebeple k\u00f6m\u00fcr havuzlar\u0131nda paslanmaz \u00e7elik kullan\u0131lmaz. Onun yerine kal\u0131n DKP sac tercih edilir.<\/p>\n<h2>Mangal nas\u0131l temizlenir?<\/h2>\n<p>\u00dcr\u00fcn\u00fcm\u00fcz d\u0131\u015f kasas\u0131 komple paslanmaz \u00e7eliktir, bu y\u00fczden su, deterjan vs. her t\u00fcrl\u00fc ev tipi temizleyici ile y\u0131kanabilir.<\/p>\n<p>K\u00f6m\u00fcr havuzu dkp sac oldu\u011fu i\u00e7in sudan uzak tutulmal\u0131d\u0131r. Pi\u015firme i\u015flemi bittikten sonra k\u00f6m\u00fcr havuzu \u00e7\u0131kar\u0131larak bo\u015falt\u0131labilir, zaten temizli\u011fe ihtiya\u00e7 duyulmayacakt\u0131r.<\/p>\n<p>\u00dcst \u0131zgara so\u011fan ve ya\u011f ile silinir. Ayn\u0131 \u015fekilde su ile silinmesine gerek yoktur.<\/p>\n<h2>Nerede kullan\u0131l\u0131r?<\/h2>\n<p>Her amaca uygun paslanmaz mangal modelleri imalat\u0131 yapmaktay\u0131z. Firmam\u0131z ihtiyaca \u00f6zel \u00f6l\u00e7\u00fc ve \u015fekillerde barbek\u00fc mangal \u00fcretmektedir. Siz de kullanaca\u011f\u0131n\u0131z yere g\u00f6re \u00f6zel \u015fekil ve \u00f6l\u00e7\u00fclerde imalat yapt\u0131rabilirsiniz.<\/p>\n<p>Kullan\u0131m alanlar\u0131:<\/p>\n<ul>\n<li>D\u00fc\u011f\u00fcn, cemiyet<\/li>\n<li>Piknik<\/li>\n<li>Bah\u00e7e<\/li>\n<li>Yemekhane<\/li>\n<li>Restoran<\/li>\n<li>Otel<\/li>\n<li>Bal\u0131k\u00e7\u0131<\/li>\n<\/ul>\n<p>ba\u015fl\u0131ca kullan\u0131lan yerlerdir.<\/p>\n<h2>Hangi \u015fehirlere g\u00f6nderim yap\u0131yorsunuz?<\/h2>\n<p>T\u00fcrkiye&#8217;nin her yerine g\u00f6nderim yap\u0131yoruz. Genellikle tezgah \u00fcst\u00fc(set \u00fcst\u00fc) modellerimizi PTT Kargo ile g\u00f6nderiyoruz. E\u011fer tekerlekli mangal isterseniz kargo \u00e7ok maliyetli olaca\u011f\u0131 i\u00e7in(desi b\u00fcy\u00fcd\u00fc\u011f\u00fc i\u00e7in) ambar ile g\u00f6ndermekteyiz. Kargo ve ambar \u00fccretleri al\u0131c\u0131ya aittir.<\/p>\n<h2>\u0130leti\u015fim ve sipari\u015f i\u00e7in<\/h2>\n<p>Bilgi almak i\u00e7in bizimle ileti\u015fime ge\u00e7ebilirsiniz. Akl\u0131n\u0131zdaki her t\u00fcrl\u00fc soruyu sorabilirsiniz.<\/p>\n<p>Tel : <a href=\"tel:02243613899\">0224 361 38 99<\/a><\/p>\n<p><a href=\"mailto:info@celebimutfak.com\">info [@] celebimutfak.com\u00a0<\/a><\/p>\n<p>Dua\u00e7\u0131nar\u0131 Mh. Orta Sk. No:5 Y\u0131ld\u0131r\u0131m\/BURSA<\/p>\n","protected":false},"excerpt":{"rendered":"<ul>\n<li>\u0130stenilen \u00f6l\u00e7\u00fclerde imalat<\/li>\n<li>D\u0131\u015f\u0131 komple 304 kalite paslanmaz \u00e7elik<\/li>\n<li>\u00dcst \u0131zgara milleri 8 mm \u00e7ap\u0131nda demir mil(paslanmaz mil kullan\u0131l\u0131rsa et yap\u0131\u015f\u0131r)<\/li>\n<li>K\u00f6m\u00fcr havuzu rahatl\u0131kla \u00e7\u0131kar\u0131l\u0131p k\u00fclleri bo\u015faltabilirsiniz.<\/li>\n<li>Farkl\u0131 modellerimizi g\u00f6rmek i\u00e7in <a href=\"https:\/\/www.celebimutfak.com\/index.php\/urun-kategori\/pisirme\/mangal-izgara\/\" target=\"_blank\" rel=\"noopener\">TIKLAYIN<\/a><\/li>\n<li><a href=\"tel:02243613899\">0224 361 38 99<\/a><\/li>\n<\/ul>\n","protected":false},"featured_media":1224,"comment_status":"open","ping_status":"closed","template":"","meta":{"site-sidebar-layout":"default","site-content-layout":"default","ast-site-content-layout":"","site-content-style":"default","site-sidebar-style":"default","ast-global-header-display":"","ast-banner-title-visibility":"","ast-main-header-display":"","ast-hfb-above-header-display":"","ast-hfb-below-header-display":"","ast-hfb-mobile-header-display":"","site-post-title":"","ast-breadcrumbs-content":"","ast-featured-img":"","footer-sml-layout":"","theme-transparent-header-meta":"default","adv-header-id-meta":"","stick-header-meta":"","header-above-stick-meta":"","header-main-stick-meta":"","header-below-stick-meta":"","astra-migrate-meta-layouts":"default","ast-page-background-enabled":"default","ast-page-background-meta":{"desktop":{"background-color":"var(--ast-global-color-4)","background-image":"","background-repeat":"repeat","background-position":"center center","background-size":"auto","background-attachment":"scroll","background-type":"","background-media":"","overlay-type":"","overlay-color":"","overlay-opacity":"","overlay-gradient":""},"tablet":{"background-color":"","background-image":"","background-repeat":"repeat","background-position":"center center","background-size":"auto","background-attachment":"scroll","background-type":"","background-media":"","overlay-type":"","overlay-color":"","overlay-opacity":"","overlay-gradient":""},"mobile":{"background-color":"","background-image":"","background-repeat":"repeat","background-position":"center center","background-size":"auto","background-attachment":"scroll","background-type":"","background-media":"","overlay-type":"","overlay-color":"","overlay-opacity":"","overlay-gradient":""}},"ast-content-background-meta":{"desktop":{"background-color":"var(--ast-global-color-5)","background-image":"","background-repeat":"repeat","background-position":"center center","background-size":"auto","background-attachment":"scroll","background-type":"","background-media":"","overlay-type":"","overlay-color":"","overlay-opacity":"","overlay-gradient":""},"tablet":{"background-color":"var(--ast-global-color-5)","background-image":"","background-repeat":"repeat","background-position":"center center","background-size":"auto","background-attachment":"scroll","background-type":"","background-media":"","overlay-type":"","overlay-color":"","overlay-opacity":"","overlay-gradient":""},"mobile":{"background-color":"var(--ast-global-color-5)","background-image":"","background-repeat":"repeat","background-position":"center center","background-size":"auto","background-attachment":"scroll","background-type":"","background-media":"","overlay-type":"","overlay-color":"","overlay-opacity":"","overlay-gradient":""}}},"product_cat":[276],"product_tag":[],"_links":{"self":[{"href":"https:\/\/www.celebimutfak.com\/index.php\/wp-json\/wp\/v2\/product\/1223"}],"collection":[{"href":"https:\/\/www.celebimutfak.com\/index.php\/wp-json\/wp\/v2\/product"}],"about":[{"href":"https:\/\/www.celebimutfak.com\/index.php\/wp-json\/wp\/v2\/types\/product"}],"replies":[{"embeddable":true,"href":"https:\/\/www.celebimutfak.com\/index.php\/wp-json\/wp\/v2\/comments?post=1223"}],"wp:featuredmedia":[{"embeddable":true,"href":"https:\/\/www.celebimutfak.com\/index.php\/wp-json\/wp\/v2\/media\/1224"}],"wp:attachment":[{"href":"https:\/\/www.celebimutfak.com\/index.php\/wp-json\/wp\/v2\/media?parent=1223"}],"wp:term":[{"taxonomy":"product_cat","embeddable":true,"href":"https:\/\/www.celebimutfak.com\/index.php\/wp-json\/wp\/v2\/product_cat?post=1223"},{"taxonomy":"product_tag","embeddable":true,"href":"https:\/\/www.celebimutfak.com\/index.php\/wp-json\/wp\/v2\/product_tag?post=1223"}],"curies":[{"name":"wp","href":"https:\/\/api.w.org\/{rel}","templated":true}]}}