{"id":1074,"date":"2020-11-16T14:59:29","date_gmt":"2020-11-16T11:59:29","guid":{"rendered":"https:\/\/www.celebimutfak.com\/?post_type=product&#038;p=1074"},"modified":"2023-11-24T21:35:30","modified_gmt":"2023-11-24T18:35:30","slug":"malzeme-istif-rafi-krom-paslanmaz-celik","status":"publish","type":"product","link":"https:\/\/www.celebimutfak.com\/index.php\/urun\/malzeme-istif-rafi-krom-paslanmaz-celik\/","title":{"rendered":"Malzeme \u0130stif Raf\u0131 &#8211; Krom Paslanmaz \u00c7elik"},"content":{"rendered":"<h2>Paslanmaz \u00e7elik malzeme raflar\u0131<\/h2>\n<p>304 kalite paslanmaz \u00e7elik sacdan imal edilmektedir. M\u00fc\u015fterilerimizin istedi\u011fi \u00f6l\u00e7\u00fclerde imalat yap\u0131lmaktad\u0131r. Kal\u0131n sacdan imal edilir, dayan\u0131kl\u0131d\u0131r. So\u011fuk odalarda, yerin konumuna g\u00f6re \u00f6zel \u00f6l\u00e7\u00fcde imal edilebilir. Her t\u00fcrl\u00fc malzeme istifi i\u00e7in uygundur. Kat say\u0131s\u0131 amaca uygun olarak art\u0131r\u0131l\u0131p azalt\u0131labilir. Di\u011fer kullan\u0131m alanlar\u0131 :<\/p>\n<ul>\n<li>So\u011fuk oda raf\u0131 (et, s\u00fct gibi depolama i\u00e7in kullan\u0131l\u0131r genellikle 140x40x155 cm tercih edilir.)<\/li>\n<li>Bula\u015f\u0131khane Raf\u0131 (kazan veya tabak istiflemek i\u00e7in tercih edilir.)<\/li>\n<li>Krom raf \u00e7e\u015fitleri (di\u011fer ama\u00e7lar i\u00e7in kullan\u0131lan paslanmaz raflar)<\/li>\n<li>\u00d6zel imalat raf krom paslanmaz \u00e7elik (\u00f6zel amaca uygun, \u00f6zel \u00f6l\u00e7\u00fcde paslanmaz raf modelleri)<\/li>\n<\/ul>\n<p><a href=\"https:\/\/www.celebimutfak.com\/wp-content\/uploads\/2020\/11\/paslanmaz_celik_krom_raf_cesitleri.jpg\" rel=\"attachment wp-att-1058\"><img decoding=\"async\" class=\"aligncenter wp-image-1058\" src=\"https:\/\/www.celebimutfak.com\/wp-content\/uploads\/2020\/11\/paslanmaz_celik_krom_raf_cesitleri.jpg\" alt=\"Paslanmaz krom raf \u00e7e\u015fitleri imalat\u0131\" width=\"600\" height=\"225\" srcset=\"https:\/\/www.celebimutfak.com\/wp-content\/uploads\/2020\/11\/paslanmaz_celik_krom_raf_cesitleri.jpg 800w, https:\/\/www.celebimutfak.com\/wp-content\/uploads\/2020\/11\/paslanmaz_celik_krom_raf_cesitleri-600x225.jpg 600w\" sizes=\"(max-width: 600px) 100vw, 600px\" \/><\/a><\/p>\n<h3>Paslanmaz raf \u00f6l\u00e7\u00fcleri<\/h3>\n<p>Paslanmaz raf \u00f6l\u00e7\u00fclerinde baz\u0131 standartlar bulunmaktad\u0131r. Standart \u00f6l\u00e7\u00fcler malzeme firesi baz al\u0131narak hesaplanmaktad\u0131r. \u00d6zel \u00f6l\u00e7\u00fc istif raf\u0131 i\u00e7in bizimle ileti\u015fime ge\u00e7ebilirsiniz. Baz\u0131 standart raf \u00f6l\u00e7\u00fcleri:<\/p>\n<ul>\n<li>140x40x155 cm (standart malzeme raf\u0131, depo raf\u0131)<\/li>\n<li>140x50x155 cm (\u00fcstteki raf\u0131n daha geni\u015f olan\u0131)<\/li>\n<li>140x80x155 cm (kazan istif raf\u0131)<\/li>\n<li>190x50x155 cm (uzun istif raf\u0131)<\/li>\n<li>190x80x155 cm (uzun kazan istif raf\u0131)<\/li>\n<\/ul>\n<p>Bu \u00f6l\u00e7\u00fclerden genel kabul g\u00f6rm\u00fc\u015f \u00f6l\u00e7\u00fclerdir. Uzunluk olarak daha k\u0131sa \u00fcretilebilir. Daha uzun \u00fcretilmek istenirse malzemeye g\u00f6re fiyat ayn\u0131 kalabilir veya art\u0131\u015f g\u00f6sterebilir. Detayl\u0131 bilgi almak i\u00e7in a\u015fa\u011f\u0131daki linkten bize ula\u015fabilirsiniz.<\/p>\n<p><a href=\"https:\/\/www.celebimutfak.com\/index.php\/iletisim\/\" target=\"_blank\" rel=\"noopener\"><strong>\u0130LET\u0130\u015e\u0130M<\/strong><\/a><\/p>\n<p>&nbsp;<\/p>\n","protected":false},"excerpt":{"rendered":"<ul>\n<li>Verilen fiyat 140x40x155 cm istif raf\u0131 i\u00e7indir.<\/li>\n<li>\u00d6zel \u00f6l\u00e7\u00fclerde \u00fcretilir.<\/li>\n<li>304 kalite paslanmaz \u00e7elik malzemeden imal edilir.<\/li>\n<li>Kal\u0131n malzemeden \u00fcretildi\u011fi i\u00e7in dayan\u0131kl\u0131d\u0131r.<\/li>\n<li>Raf say\u0131s\u0131 iste\u011fe g\u00f6re azalt\u0131l\u0131r veya art\u0131r\u0131labilir.<\/li>\n<li><a href=\"https:\/\/www.celebimutfak.com\/index.php\/iletisim\/\" target=\"_blank\" rel=\"noopener\"><strong>\u0130LET\u0130\u015e\u0130M<\/strong><\/a><\/li>\n<\/ul>\n","protected":false},"featured_media":1062,"comment_status":"open","ping_status":"closed","template":"","meta":{"site-sidebar-layout":"default","site-content-layout":"default","ast-site-content-layout":"","site-content-style":"default","site-sidebar-style":"default","ast-global-header-display":"","ast-banner-title-visibility":"","ast-main-header-display":"","ast-hfb-above-header-display":"","ast-hfb-below-header-display":"","ast-hfb-mobile-header-display":"","site-post-title":"","ast-breadcrumbs-content":"","ast-featured-img":"","footer-sml-layout":"","theme-transparent-header-meta":"default","adv-header-id-meta":"","stick-header-meta":"","header-above-stick-meta":"","header-main-stick-meta":"","header-below-stick-meta":"","astra-migrate-meta-layouts":"default","ast-page-background-enabled":"default","ast-page-background-meta":{"desktop":{"background-color":"var(--ast-global-color-4)","background-image":"","background-repeat":"repeat","background-position":"center center","background-size":"auto","background-attachment":"scroll","background-type":"","background-media":"","overlay-type":"","overlay-color":"","overlay-opacity":"","overlay-gradient":""},"tablet":{"background-color":"","background-image":"","background-repeat":"repeat","background-position":"center center","background-size":"auto","background-attachment":"scroll","background-type":"","background-media":"","overlay-type":"","overlay-color":"","overlay-opacity":"","overlay-gradient":""},"mobile":{"background-color":"","background-image":"","background-repeat":"repeat","background-position":"center center","background-size":"auto","background-attachment":"scroll","background-type":"","background-media":"","overlay-type":"","overlay-color":"","overlay-opacity":"","overlay-gradient":""}},"ast-content-background-meta":{"desktop":{"background-color":"var(--ast-global-color-5)","background-image":"","background-repeat":"repeat","background-position":"center center","background-size":"auto","background-attachment":"scroll","background-type":"","background-media":"","overlay-type":"","overlay-color":"","overlay-opacity":"","overlay-gradient":""},"tablet":{"background-color":"var(--ast-global-color-5)","background-image":"","background-repeat":"repeat","background-position":"center center","background-size":"auto","background-attachment":"scroll","background-type":"","background-media":"","overlay-type":"","overlay-color":"","overlay-opacity":"","overlay-gradient":""},"mobile":{"background-color":"var(--ast-global-color-5)","background-image":"","background-repeat":"repeat","background-position":"center center","background-size":"auto","background-attachment":"scroll","background-type":"","background-media":"","overlay-type":"","overlay-color":"","overlay-opacity":"","overlay-gradient":""}}},"product_cat":[24],"product_tag":[],"_links":{"self":[{"href":"https:\/\/www.celebimutfak.com\/index.php\/wp-json\/wp\/v2\/product\/1074"}],"collection":[{"href":"https:\/\/www.celebimutfak.com\/index.php\/wp-json\/wp\/v2\/product"}],"about":[{"href":"https:\/\/www.celebimutfak.com\/index.php\/wp-json\/wp\/v2\/types\/product"}],"replies":[{"embeddable":true,"href":"https:\/\/www.celebimutfak.com\/index.php\/wp-json\/wp\/v2\/comments?post=1074"}],"wp:featuredmedia":[{"embeddable":true,"href":"https:\/\/www.celebimutfak.com\/index.php\/wp-json\/wp\/v2\/media\/1062"}],"wp:attachment":[{"href":"https:\/\/www.celebimutfak.com\/index.php\/wp-json\/wp\/v2\/media?parent=1074"}],"wp:term":[{"taxonomy":"product_cat","embeddable":true,"href":"https:\/\/www.celebimutfak.com\/index.php\/wp-json\/wp\/v2\/product_cat?post=1074"},{"taxonomy":"product_tag","embeddable":true,"href":"https:\/\/www.celebimutfak.com\/index.php\/wp-json\/wp\/v2\/product_tag?post=1074"}],"curies":[{"name":"wp","href":"https:\/\/api.w.org\/{rel}","templated":true}]}}